CRAN Package Check Results for Package GeneCycle

Last updated on 2025-01-19 05:49:09 CET.

Flavor Version Tinstall Tcheck Ttotal Status Flags
r-devel-linux-x86_64-debian-clang 1.1.5 2.23 29.62 31.85 NOTE
r-devel-linux-x86_64-debian-gcc 1.1.5 1.84 22.15 23.99 NOTE
r-devel-linux-x86_64-fedora-clang 1.1.5 51.02 OK
r-devel-linux-x86_64-fedora-gcc 1.1.5 47.30 OK
r-devel-windows-x86_64 1.1.5 5.00 56.00 61.00 NOTE
r-patched-linux-x86_64 1.1.5 2.31 28.21 30.52 OK
r-release-linux-x86_64 1.1.5 2.20 28.21 30.41 OK
r-release-macos-arm64 1.1.5 19.00 OK
r-release-macos-x86_64 1.1.5 28.00 OK
r-release-windows-x86_64 1.1.5 4.00 61.00 65.00 OK
r-oldrel-macos-arm64 1.1.5 18.00 OK
r-oldrel-macos-x86_64 1.1.5 26.00 OK
r-oldrel-windows-x86_64 1.1.5 3.00 52.00 55.00 OK

Check Details

Version: 1.1.5
Check: Rd cross-references
Result: NOTE Found the following Rd file(s) with Rd \link{} targets missing package anchors: robust.g.test.Rd: rlm Please provide package anchors for all Rd \link{} targets not in the package itself and the base packages. Flavors: r-devel-linux-x86_64-debian-clang, r-devel-linux-x86_64-debian-gcc, r-devel-windows-x86_64