Last updated on 2025-01-19 05:49:09 CET.
Flavor | Version | Tinstall | Tcheck | Ttotal | Status | Flags |
---|---|---|---|---|---|---|
r-devel-linux-x86_64-debian-clang | 1.0.1 | 12.48 | 201.93 | 214.41 | OK | |
r-devel-linux-x86_64-debian-gcc | 1.0.1 | 8.62 | 149.75 | 158.37 | OK | |
r-devel-linux-x86_64-fedora-clang | 1.0.1 | 344.95 | OK | |||
r-devel-linux-x86_64-fedora-gcc | 1.0.1 | 356.62 | OK | |||
r-devel-windows-x86_64 | 1.0.1 | 27.00 | 191.00 | 218.00 | OK | |
r-patched-linux-x86_64 | 1.0.1 | 12.33 | 186.33 | 198.66 | OK | |
r-release-linux-x86_64 | 1.0.1 | 11.19 | 185.82 | 197.01 | OK | |
r-release-macos-arm64 | 1.0.1 | 104.00 | OK | |||
r-release-macos-x86_64 | 1.0.1 | 158.00 | OK | |||
r-release-windows-x86_64 | 1.0.1 | 28.00 | 190.00 | 218.00 | OK | |
r-oldrel-macos-arm64 | 1.0.1 | 117.00 | NOTE | |||
r-oldrel-macos-x86_64 | 1.0.1 | 315.00 | NOTE | |||
r-oldrel-windows-x86_64 | 1.0.1 | 37.00 | 255.00 | 292.00 | OK |
Version: 1.0.1
Check: package dependencies
Result: NOTE
Package which this enhances but not available for checking: ‘simplifyEnrichment’
Flavors: r-oldrel-macos-arm64, r-oldrel-macos-x86_64