CRAN Package Check Results for Package GenomicMating

Last updated on 2019-11-21 12:48:29 CET.

Flavor Version Tinstall Tcheck Ttotal Status Flags
r-devel-linux-x86_64-debian-clang 2.0 36.18 58.55 94.73 OK
r-devel-linux-x86_64-debian-gcc 2.0 28.60 45.96 74.56 OK
r-devel-linux-x86_64-fedora-clang 2.0 120.83 NOTE
r-devel-linux-x86_64-fedora-gcc 2.0 119.23 NOTE
r-devel-windows-ix86+x86_64 2.0 116.00 141.00 257.00 OK
r-devel-windows-ix86+x86_64-gcc8 2.0 84.00 104.00 188.00 OK
r-patched-linux-x86_64 2.0 29.68 55.29 84.97 OK
r-patched-solaris-x86 2.0 147.30 NOTE
r-release-linux-x86_64 2.0 27.44 55.57 83.01 OK
r-release-windows-ix86+x86_64 2.0 84.00 159.00 243.00 OK
r-release-osx-x86_64 2.0 NOTE
r-oldrel-windows-ix86+x86_64 2.0 52.00 93.00 145.00 OK
r-oldrel-osx-x86_64 2.0 NOTE

Check Details

Version: 2.0
Check: dependencies in R code
Result: NOTE
    Namespace in Imports field not imported from: ‘dplyr’
     All declared Imports should be used.
Flavors: r-devel-linux-x86_64-fedora-clang, r-devel-linux-x86_64-fedora-gcc, r-patched-solaris-x86, r-release-osx-x86_64, r-oldrel-osx-x86_64