CRAN Package Check Results for Package GenomicMating

Last updated on 2020-07-09 12:48:05 CEST.

Flavor Version Tinstall Tcheck Ttotal Status Flags
r-devel-linux-x86_64-debian-clang 2.0 42.49 66.86 109.35 OK
r-devel-linux-x86_64-debian-gcc 2.0 32.78 51.14 83.92 OK
r-devel-linux-x86_64-fedora-clang 2.0 145.30 NOTE
r-devel-linux-x86_64-fedora-gcc 2.0 133.62 NOTE
r-devel-windows-ix86+x86_64 2.0 77.00 112.00 189.00 OK
r-patched-linux-x86_64 2.0 25.59 67.47 93.06 OK
r-patched-solaris-x86 2.0 148.10 NOTE
r-release-linux-x86_64 2.0 24.18 65.03 89.21 OK
r-release-osx-x86_64 2.0 NOTE
r-release-windows-ix86+x86_64 2.0 74.00 109.00 183.00 OK
r-oldrel-osx-x86_64 2.0 NOTE
r-oldrel-windows-ix86+x86_64 2.0 104.00 169.00 273.00 OK

Check Details

Version: 2.0
Check: dependencies in R code
Result: NOTE
    Namespace in Imports field not imported from: ‘dplyr’
     All declared Imports should be used.
Flavors: r-devel-linux-x86_64-fedora-clang, r-devel-linux-x86_64-fedora-gcc, r-patched-solaris-x86, r-release-osx-x86_64, r-oldrel-osx-x86_64