CRAN Package Check Results for Package GeoAdjust

Last updated on 2025-01-19 05:49:09 CET.

Flavor Version Tinstall Tcheck Ttotal Status Flags
r-devel-linux-x86_64-debian-clang 2.0.0 88.07 50.30 138.37 OK
r-devel-linux-x86_64-debian-gcc 2.0.0 74.12 37.27 111.39 OK
r-devel-linux-x86_64-fedora-clang 2.0.0 208.64 OK
r-devel-linux-x86_64-fedora-gcc 2.0.0 283.71 OK
r-devel-windows-x86_64 2.0.0 80.00 86.00 166.00 OK
r-patched-linux-x86_64 2.0.0 103.00 50.99 153.99 OK
r-release-linux-x86_64 2.0.0 101.29 50.74 152.03 OK
r-release-macos-arm64 2.0.0 61.00 NOTE
r-release-macos-x86_64 2.0.0 104.00 NOTE
r-release-windows-x86_64 2.0.0 85.00 90.00 175.00 NOTE
r-oldrel-macos-arm64 2.0.0 59.00 NOTE
r-oldrel-macos-x86_64 2.0.0 137.00 NOTE
r-oldrel-windows-x86_64 2.0.0 109.00 112.00 221.00 NOTE

Check Details

Version: 2.0.0
Check: installed package size
Result: NOTE installed size is 46.8Mb sub-directories of 1Mb or more: libs 46.1Mb Flavors: r-release-macos-arm64, r-release-macos-x86_64, r-release-windows-x86_64, r-oldrel-macos-arm64, r-oldrel-macos-x86_64, r-oldrel-windows-x86_64