CRAN Package Check Results for Package GeoRange

Last updated on 2025-01-19 05:49:09 CET.

Flavor Version Tinstall Tcheck Ttotal Status Flags
r-devel-linux-x86_64-debian-clang 0.1.0 3.76 44.51 48.27 OK
r-devel-linux-x86_64-debian-gcc 0.1.0 3.25 31.40 34.65 OK
r-devel-linux-x86_64-fedora-clang 0.1.0 78.17 NOTE
r-devel-linux-x86_64-fedora-gcc 0.1.0 73.74 NOTE
r-devel-windows-x86_64 0.1.0 7.00 63.00 70.00 OK
r-patched-linux-x86_64 0.1.0 4.33 41.44 45.77 OK
r-release-linux-x86_64 0.1.0 4.35 41.13 45.48 OK
r-release-macos-arm64 0.1.0 25.00 OK
r-release-macos-x86_64 0.1.0 36.00 OK
r-release-windows-x86_64 0.1.0 6.00 64.00 70.00 OK
r-oldrel-macos-arm64 0.1.0 27.00 OK
r-oldrel-macos-x86_64 0.1.0 37.00 OK
r-oldrel-windows-x86_64 0.1.0 7.00 71.00 78.00 OK

Check Details

Version: 0.1.0
Check: dependencies in R code
Result: NOTE Namespace in Imports field not imported from: ‘velociraptr’ All declared Imports should be used. Flavors: r-devel-linux-x86_64-fedora-clang, r-devel-linux-x86_64-fedora-gcc