Last updated on 2024-03-28 14:48:29 CET.
Flavor | Version | Tinstall | Tcheck | Ttotal | Status | Flags |
---|---|---|---|---|---|---|
r-devel-linux-x86_64-debian-clang | 1.0 | 17.55 | 176.14 | 193.69 | NOTE | |
r-devel-linux-x86_64-debian-gcc | 1.0 | 12.80 | 126.61 | 139.41 | NOTE | |
r-devel-linux-x86_64-fedora-clang | 1.0 | 248.92 | NOTE | |||
r-devel-linux-x86_64-fedora-gcc | 1.0 | 226.54 | NOTE | |||
r-devel-windows-x86_64 | 1.0 | 14.00 | 139.00 | 153.00 | NOTE | |
r-patched-linux-x86_64 | 1.0 | 18.56 | 163.98 | 182.54 | NOTE | |
r-release-linux-x86_64 | 1.0 | 11.92 | 167.63 | 179.55 | NOTE | |
r-release-macos-arm64 | 1.0 | 62.00 | NOTE | |||
r-release-macos-x86_64 | 1.0 | 105.00 | NOTE | |||
r-release-windows-x86_64 | 1.0 | 19.00 | 178.00 | 197.00 | NOTE | |
r-oldrel-macos-arm64 | 1.0 | 62.00 | NOTE | |||
r-oldrel-windows-x86_64 | 1.0 | 20.00 | 176.00 | 196.00 | NOTE |
Version: 1.0
Check: LazyData
Result: NOTE
'LazyData' is specified without a 'data' directory
Flavors: r-devel-linux-x86_64-debian-clang, r-devel-linux-x86_64-debian-gcc, r-devel-linux-x86_64-fedora-clang, r-devel-linux-x86_64-fedora-gcc, r-devel-windows-x86_64, r-patched-linux-x86_64, r-release-linux-x86_64, r-release-macos-arm64, r-release-macos-x86_64, r-release-windows-x86_64, r-oldrel-macos-arm64, r-oldrel-windows-x86_64