CRAN Package Check Results for Package GetTDData

Last updated on 2020-09-22 12:55:17 CEST.

Flavor Version Tinstall Tcheck Ttotal Status Flags
r-devel-linux-x86_64-debian-clang 1.4.2 2.21 36.41 38.62 OK
r-devel-linux-x86_64-debian-gcc 1.4.2 1.78 28.15 29.93 OK
r-devel-linux-x86_64-fedora-clang 1.4.2 56.46 NOTE
r-devel-linux-x86_64-fedora-gcc 1.4.2 51.88 NOTE
r-devel-windows-ix86+x86_64 1.4.2 7.00 58.00 65.00 OK
r-patched-linux-x86_64 1.4.2 2.38 34.93 37.31 OK
r-patched-solaris-x86 1.4.2 72.20 NOTE
r-release-linux-x86_64 1.4.2 2.18 35.69 37.87 OK
r-release-macos-x86_64 1.4.2 NOTE
r-release-windows-ix86+x86_64 1.4.2 7.00 56.00 63.00 OK
r-oldrel-macos-x86_64 1.4.2 NOTE
r-oldrel-windows-ix86+x86_64 1.4.2 4.00 52.00 56.00 OK

Check Details

Version: 1.4.2
Check: dependencies in R code
Result: NOTE
    Namespace in Imports field not imported from: ‘XML’
     All declared Imports should be used.
Flavors: r-devel-linux-x86_64-fedora-clang, r-devel-linux-x86_64-fedora-gcc, r-patched-solaris-x86, r-release-macos-x86_64, r-oldrel-macos-x86_64