Last updated on 2025-01-19 05:49:09 CET.
Flavor | Version | Tinstall | Tcheck | Ttotal | Status | Flags |
---|---|---|---|---|---|---|
r-devel-linux-x86_64-debian-clang | 0.4-0 | 6.00 | 44.70 | 50.70 | OK | |
r-devel-linux-x86_64-debian-gcc | 0.4-0 | 3.76 | 31.32 | 35.08 | OK | |
r-devel-linux-x86_64-fedora-clang | 0.4-0 | 81.56 | OK | |||
r-devel-linux-x86_64-fedora-gcc | 0.4-0 | 76.46 | OK | |||
r-devel-windows-x86_64 | 0.4-0 | 10.00 | 66.00 | 76.00 | OK | |
r-patched-linux-x86_64 | 0.4-0 | 5.87 | 41.88 | 47.75 | OK | |
r-release-linux-x86_64 | 0.4-0 | 5.03 | 42.80 | 47.83 | OK | |
r-release-macos-arm64 | 0.4-0 | 25.00 | OK | |||
r-release-macos-x86_64 | 0.4-0 | 40.00 | OK | |||
r-release-windows-x86_64 | 0.4-0 | 11.00 | 65.00 | 76.00 | OK | |
r-oldrel-macos-arm64 | 0.4-0 | 26.00 | OK | |||
r-oldrel-macos-x86_64 | 0.4-0 | 41.00 | NOTE | |||
r-oldrel-windows-x86_64 | 0.4-0 | 12.00 | 76.00 | 88.00 | OK |
Version: 0.4-0
Check: package dependencies
Result: NOTE
Packages suggested but not available for checking: 'psych', 'psychTools'
Flavor: r-oldrel-macos-x86_64