CRAN Package Check Results for Package GofKmt

Last updated on 2025-01-19 05:49:09 CET.

Flavor Version Tinstall Tcheck Ttotal Status Flags
r-devel-linux-x86_64-debian-clang 2.2.0 26.07 40.70 66.77 NOTE
r-devel-linux-x86_64-debian-gcc 2.2.0 16.24 30.55 46.79 NOTE
r-devel-linux-x86_64-fedora-clang 2.2.0 118.93 NOTE
r-devel-linux-x86_64-fedora-gcc 2.2.0 110.87 NOTE
r-devel-windows-x86_64 2.2.0 28.00 75.00 103.00 NOTE
r-patched-linux-x86_64 2.2.0 24.54 37.95 62.49 NOTE
r-release-linux-x86_64 2.2.0 23.08 38.11 61.19 NOTE
r-release-macos-arm64 2.2.0 33.00 NOTE
r-release-macos-x86_64 2.2.0 51.00 NOTE
r-release-windows-x86_64 2.2.0 27.00 77.00 104.00 NOTE
r-oldrel-macos-arm64 2.2.0 35.00 NOTE
r-oldrel-macos-x86_64 2.2.0 55.00 NOTE
r-oldrel-windows-x86_64 2.2.0 32.00 91.00 123.00 NOTE

Check Details

Version: 2.2.0
Check: C++ specification
Result: NOTE Specified C++11: please drop specification unless essential Flavors: r-devel-linux-x86_64-debian-clang, r-devel-linux-x86_64-debian-gcc, r-devel-linux-x86_64-fedora-clang, r-devel-linux-x86_64-fedora-gcc, r-devel-windows-x86_64, r-patched-linux-x86_64, r-release-linux-x86_64, r-release-macos-arm64, r-release-macos-x86_64, r-release-windows-x86_64, r-oldrel-macos-arm64, r-oldrel-macos-x86_64, r-oldrel-windows-x86_64