CRAN Package Check Results for Package GoogleKnowledgeGraphR

Last updated on 2025-02-08 20:48:24 CET.

Flavor Version Tinstall Tcheck Ttotal Status Flags
r-devel-linux-x86_64-debian-clang 0.1.0 1.70 19.16 20.86 OK
r-devel-linux-x86_64-debian-gcc 0.1.0 1.45 16.02 17.47 OK
r-devel-linux-x86_64-fedora-clang 0.1.0 35.07 OK
r-devel-linux-x86_64-fedora-gcc 0.1.0 31.42 OK
r-devel-windows-x86_64 0.1.0 3.00 42.00 45.00 OK
r-patched-linux-x86_64 0.1.0 1.78 18.07 19.85 NOTE
r-release-linux-x86_64 0.1.0 1.82 18.36 20.18 NOTE
r-release-macos-arm64 0.1.0 17.00 NOTE
r-release-macos-x86_64 0.1.0 26.00 NOTE
r-release-windows-x86_64 0.1.0 3.00 42.00 45.00 NOTE
r-oldrel-macos-arm64 0.1.0 20.00 NOTE
r-oldrel-macos-x86_64 0.1.0 23.00 NOTE
r-oldrel-windows-x86_64 0.1.0 3.00 42.00 45.00 NOTE

Check Details

Version: 0.1.0
Check: LazyData
Result: NOTE 'LazyData' is specified without a 'data' directory Flavors: r-patched-linux-x86_64, r-release-linux-x86_64, r-release-macos-arm64, r-release-macos-x86_64, r-release-windows-x86_64, r-oldrel-macos-arm64, r-oldrel-macos-x86_64, r-oldrel-windows-x86_64