Last updated on 2024-05-01 16:52:57 CEST.
Flavor | Version | Tinstall | Tcheck | Ttotal | Status | Flags |
---|---|---|---|---|---|---|
r-devel-linux-x86_64-debian-clang | 0.1.0 | 24.46 | 67.60 | 92.06 | NOTE | |
r-devel-linux-x86_64-debian-gcc | 0.1.0 | 19.69 | 49.40 | 69.09 | NOTE | |
r-devel-linux-x86_64-fedora-clang | 0.1.0 | 136.52 | NOTE | |||
r-devel-linux-x86_64-fedora-gcc | 0.1.0 | 135.56 | NOTE | |||
r-devel-windows-x86_64 | 0.1.0 | 24.00 | 85.00 | 109.00 | NOTE | |
r-patched-linux-x86_64 | 0.1.0 | 22.51 | 60.70 | 83.21 | NOTE | |
r-release-linux-x86_64 | 0.1.0 | 28.54 | 62.21 | 90.75 | NOTE | |
r-release-macos-arm64 | 0.1.0 | 40.00 | NOTE | |||
r-release-windows-x86_64 | 0.1.0 | 24.00 | 91.00 | 115.00 | NOTE | |
r-oldrel-macos-arm64 | 0.1.0 | 43.00 | NOTE | |||
r-oldrel-macos-x86_64 | 0.1.0 | 63.00 | NOTE | |||
r-oldrel-windows-x86_64 | 0.1.0 | 29.00 | 95.00 | 124.00 | NOTE |
Version: 0.1.0
Check: C++ specification
Result: NOTE
Specified C++14: please drop specification unless essential
Flavors: r-devel-linux-x86_64-debian-clang, r-devel-linux-x86_64-debian-gcc, r-devel-linux-x86_64-fedora-clang, r-devel-linux-x86_64-fedora-gcc, r-devel-windows-x86_64, r-patched-linux-x86_64, r-release-linux-x86_64, r-release-macos-arm64, r-release-windows-x86_64, r-oldrel-macos-arm64, r-oldrel-macos-x86_64, r-oldrel-windows-x86_64