CRAN Package Check Results for Package HCR

Last updated on 2025-01-19 05:49:10 CET.

Flavor Version Tinstall Tcheck Ttotal Status Flags
r-devel-linux-x86_64-debian-clang 0.1.1 2.34 27.30 29.64 OK
r-devel-linux-x86_64-debian-gcc 0.1.1 1.65 20.55 22.20 OK
r-devel-linux-x86_64-fedora-clang 0.1.1 48.98 OK
r-devel-linux-x86_64-fedora-gcc 0.1.1 45.02 OK
r-devel-windows-x86_64 0.1.1 3.00 47.00 50.00 OK
r-patched-linux-x86_64 0.1.1 2.30 25.47 27.77 NOTE
r-release-linux-x86_64 0.1.1 2.00 25.21 27.21 NOTE
r-release-macos-arm64 0.1.1 17.00 NOTE
r-release-macos-x86_64 0.1.1 30.00 NOTE
r-release-windows-x86_64 0.1.1 5.00 47.00 52.00 NOTE
r-oldrel-macos-arm64 0.1.1 20.00 NOTE
r-oldrel-macos-x86_64 0.1.1 28.00 NOTE
r-oldrel-windows-x86_64 0.1.1 3.00 46.00 49.00 NOTE

Check Details

Version: 0.1.1
Check: LazyData
Result: NOTE 'LazyData' is specified without a 'data' directory Flavors: r-patched-linux-x86_64, r-release-linux-x86_64, r-release-macos-arm64, r-release-macos-x86_64, r-release-windows-x86_64, r-oldrel-macos-arm64, r-oldrel-macos-x86_64, r-oldrel-windows-x86_64