Last updated on 2025-01-19 05:49:10 CET.
Flavor | Version | Tinstall | Tcheck | Ttotal | Status | Flags |
---|---|---|---|---|---|---|
r-devel-linux-x86_64-debian-clang | 0.0.1 | 44.58 | 27.68 | 72.26 | OK | |
r-devel-linux-x86_64-debian-gcc | 0.0.1 | 36.15 | 25.36 | 61.51 | OK | |
r-devel-linux-x86_64-fedora-clang | 0.0.1 | 135.45 | OK | |||
r-devel-linux-x86_64-fedora-gcc | 0.0.1 | 148.89 | OK | |||
r-devel-windows-x86_64 | 0.0.1 | 48.00 | 75.00 | 123.00 | OK | |
r-patched-linux-x86_64 | 0.0.1 | 50.67 | 31.07 | 81.74 | OK | |
r-release-linux-x86_64 | 0.0.1 | 48.15 | 31.29 | 79.44 | OK | |
r-release-macos-arm64 | 0.0.1 | 41.00 | NOTE | |||
r-release-macos-x86_64 | 0.0.1 | 44.00 | NOTE | |||
r-release-windows-x86_64 | 0.0.1 | 47.00 | 76.00 | 123.00 | OK | |
r-oldrel-macos-arm64 | 0.0.1 | 38.00 | NOTE | |||
r-oldrel-macos-x86_64 | 0.0.1 | 60.00 | NOTE | |||
r-oldrel-windows-x86_64 | 0.0.1 | 55.00 | 86.00 | 141.00 | OK |
Version: 0.0.1
Check: installed package size
Result: NOTE
installed size is 17.0Mb
sub-directories of 1Mb or more:
libs 16.9Mb
Flavors: r-release-macos-arm64, r-release-macos-x86_64, r-oldrel-macos-arm64, r-oldrel-macos-x86_64