CRAN Package Check Results for Package HDNRA

Last updated on 2025-01-19 05:49:10 CET.

Flavor Version Tinstall Tcheck Ttotal Status Flags
r-devel-linux-x86_64-debian-clang 2.0.1 48.54 93.12 141.66 OK
r-devel-linux-x86_64-debian-gcc 2.0.1 31.84 68.32 100.16 OK
r-devel-linux-x86_64-fedora-clang 2.0.1 238.26 OK
r-devel-linux-x86_64-fedora-gcc 2.0.1 225.60 OK
r-devel-windows-x86_64 2.0.1 48.00 120.00 168.00 OK
r-patched-linux-x86_64 2.0.1 43.70 87.39 131.09 OK
r-release-linux-x86_64 2.0.1 42.41 86.95 129.36 OK
r-release-macos-arm64 2.0.1 66.00 NOTE
r-release-macos-x86_64 2.0.1 112.00 NOTE
r-release-windows-x86_64 2.0.1 44.00 123.00 167.00 NOTE
r-oldrel-macos-arm64 2.0.1 69.00 NOTE
r-oldrel-macos-x86_64 2.0.1 106.00 NOTE
r-oldrel-windows-x86_64 2.0.1 52.00 156.00 208.00 NOTE

Check Details

Version: 2.0.1
Check: installed package size
Result: NOTE installed size is 10.8Mb sub-directories of 1Mb or more: data 5.8Mb libs 4.8Mb Flavors: r-release-macos-arm64, r-release-macos-x86_64, r-release-windows-x86_64, r-oldrel-macos-arm64, r-oldrel-macos-x86_64, r-oldrel-windows-x86_64