Last updated on 2024-04-24 19:55:10 CEST.
Flavor | Version | Tinstall | Tcheck | Ttotal | Status | Flags |
---|---|---|---|---|---|---|
r-devel-linux-x86_64-debian-clang | 2.7.4 | 16.17 | 143.37 | 159.54 | NOTE | |
r-devel-linux-x86_64-debian-gcc | 2.7.4 | 9.73 | 103.50 | 113.23 | NOTE | |
r-devel-linux-x86_64-fedora-clang | 2.7.4 | 205.88 | NOTE | |||
r-devel-linux-x86_64-fedora-gcc | 2.7.4 | 186.92 | NOTE | |||
r-devel-windows-x86_64 | 2.7.4 | 18.00 | 137.00 | 155.00 | NOTE | |
r-patched-linux-x86_64 | 2.7.4 | 15.37 | 138.52 | 153.89 | NOTE | |
r-release-linux-x86_64 | 2.7.4 | 9.00 | 139.42 | 148.42 | NOTE | |
r-release-macos-arm64 | 2.7.4 | 58.00 | NOTE | |||
r-release-macos-x86_64 | 2.7.4 | 102.00 | NOTE | |||
r-release-windows-x86_64 | 2.7.4 | 16.00 | 139.00 | 155.00 | NOTE | |
r-oldrel-macos-arm64 | 2.7.4 | 57.00 | OK | |||
r-oldrel-macos-x86_64 | 2.7.4 | 96.00 | NOTE | |||
r-oldrel-windows-x86_64 | 2.7.4 | 19.00 | 185.00 | 204.00 | NOTE |
Version: 2.7.4
Check: C++ specification
Result: NOTE
Specified C++11: please drop specification unless essential
Flavors: r-devel-linux-x86_64-debian-clang, r-devel-linux-x86_64-debian-gcc, r-devel-linux-x86_64-fedora-clang, r-devel-linux-x86_64-fedora-gcc, r-devel-windows-x86_64, r-patched-linux-x86_64, r-release-linux-x86_64, r-release-macos-arm64, r-release-macos-x86_64, r-release-windows-x86_64, r-oldrel-macos-x86_64, r-oldrel-windows-x86_64