CRAN Package Check Results for Package HETOP

Last updated on 2025-01-19 05:49:10 CET.

Flavor Version Tinstall Tcheck Ttotal Status Flags
r-devel-linux-x86_64-debian-clang 0.2-6 4.46 34.54 39.00 NOTE
r-devel-linux-x86_64-debian-gcc 0.2-6 2.79 25.88 28.67 NOTE
r-devel-linux-x86_64-fedora-clang 0.2-6 62.46 OK
r-devel-linux-x86_64-fedora-gcc 0.2-6 57.97 OK
r-devel-windows-x86_64 0.2-6 6.00 62.00 68.00 NOTE
r-patched-linux-x86_64 0.2-6 6.23 32.22 38.45 OK
r-release-linux-x86_64 0.2-6 4.12 32.37 36.49 OK
r-release-macos-arm64 0.2-6 19.00 OK
r-release-macos-x86_64 0.2-6 31.00 OK
r-release-windows-x86_64 0.2-6 5.00 61.00 66.00 OK
r-oldrel-macos-arm64 0.2-6 23.00 OK
r-oldrel-macos-x86_64 0.2-6 28.00 OK
r-oldrel-windows-x86_64 0.2-6 7.00 66.00 73.00 OK

Check Details

Version: 0.2-6
Check: Rd cross-references
Result: NOTE Found the following Rd file(s) with Rd \link{} targets missing package anchors: fh_hetop.Rd: jags Please provide package anchors for all Rd \link{} targets not in the package itself and the base packages. Flavors: r-devel-linux-x86_64-debian-clang, r-devel-linux-x86_64-debian-gcc, r-devel-windows-x86_64