Last updated on 2025-01-19 05:49:10 CET.
Flavor | Version | Tinstall | Tcheck | Ttotal | Status | Flags |
---|---|---|---|---|---|---|
r-devel-linux-x86_64-debian-clang | 0.8.15 | 7.13 | 44.93 | 52.06 | OK | |
r-devel-linux-x86_64-debian-gcc | 0.8.15 | 4.94 | 36.68 | 41.62 | OK | |
r-devel-linux-x86_64-fedora-clang | 0.8.15 | 83.11 | OK | |||
r-devel-linux-x86_64-fedora-gcc | 0.8.15 | 90.25 | OK | |||
r-devel-windows-x86_64 | 0.8.15 | 8.00 | 65.00 | 73.00 | OK | |
r-patched-linux-x86_64 | 0.8.15 | 7.10 | 43.15 | 50.25 | OK | |
r-release-linux-x86_64 | 0.8.15 | 6.47 | 42.63 | 49.10 | OK | |
r-release-macos-arm64 | 0.8.15 | 199.00 | NOTE | |||
r-release-macos-x86_64 | 0.8.15 | 227.00 | NOTE | |||
r-release-windows-x86_64 | 0.8.15 | 8.00 | 68.00 | 76.00 | OK | |
r-oldrel-macos-arm64 | 0.8.15 | 206.00 | NOTE | |||
r-oldrel-macos-x86_64 | 0.8.15 | 222.00 | NOTE | |||
r-oldrel-windows-x86_64 | 0.8.15 | 9.00 | 74.00 | 83.00 | NOTE |
Version: 0.8.15
Check: installed package size
Result: NOTE
installed size is 5.2Mb
sub-directories of 1Mb or more:
data 4.8Mb
Flavors: r-release-macos-arm64, r-release-macos-x86_64, r-oldrel-macos-arm64, r-oldrel-macos-x86_64, r-oldrel-windows-x86_64