CRAN Package Check Results for Package HH

Last updated on 2025-01-19 05:49:10 CET.

Flavor Version Tinstall Tcheck Ttotal Status Flags
r-devel-linux-x86_64-debian-clang 3.1-52 30.32 289.30 319.62 NOTE
r-devel-linux-x86_64-debian-gcc 3.1-52 18.53 196.78 215.31 NOTE
r-devel-linux-x86_64-fedora-clang 3.1-52 532.39 OK
r-devel-linux-x86_64-fedora-gcc 3.1-52 483.36 OK
r-devel-windows-x86_64 3.1-52 30.00 325.00 355.00 NOTE
r-patched-linux-x86_64 3.1-52 41.91 270.73 312.64 OK
r-release-linux-x86_64 3.1-52 27.39 270.01 297.40 OK
r-release-macos-arm64 3.1-52 126.00 OK
r-release-macos-x86_64 3.1-52 201.00 OK
r-release-windows-x86_64 3.1-52 31.00 322.00 353.00 OK
r-oldrel-macos-arm64 3.1-52 134.00 OK
r-oldrel-macos-x86_64 3.1-52 367.00 OK
r-oldrel-windows-x86_64 3.1-52 41.00 418.00 459.00 OK

Check Details

Version: 3.1-52
Check: Rd cross-references
Result: NOTE Found the following Rd file(s) with Rd \link{} targets missing package anchors: ResizeEtc.likertPlot.Rd: barchart ToBW.likert.Rd: panel.bwplot ancovaplot.Rd: panel.superpose, panel.xyplot latticeresids.Rd: xyplot likertWeighted.Rd: xyplot, panel.bwplot lmatPairwise.Rd: mcp residual.plots.lattice.Rd: xyplot useOuterScales.Rd: trellis.par.get, xyplot, panel.axis Please provide package anchors for all Rd \link{} targets not in the package itself and the base packages. Flavors: r-devel-linux-x86_64-debian-clang, r-devel-linux-x86_64-debian-gcc, r-devel-windows-x86_64