Last updated on 2024-04-17 13:57:30 CEST.
Flavor | Version | Tinstall | Tcheck | Ttotal | Status | Flags |
---|---|---|---|---|---|---|
r-devel-linux-x86_64-debian-clang | 0.5.0 | 108.93 | 295.33 | 404.26 | NOTE | |
r-devel-linux-x86_64-debian-gcc | 0.5.0 | 83.69 | 221.36 | 305.05 | NOTE | |
r-devel-linux-x86_64-fedora-clang | 0.5.0 | 568.48 | NOTE | |||
r-devel-linux-x86_64-fedora-gcc | 0.5.0 | 557.72 | NOTE | |||
r-prerel-macos-arm64 | 0.5.0 | 138.00 | NOTE | |||
r-prerel-windows-x86_64 | 0.5.0 | 81.00 | 224.00 | 305.00 | NOTE | |
r-patched-linux-x86_64 | 0.5.0 | 112.75 | 289.49 | 402.24 | NOTE | |
r-release-linux-x86_64 | 0.5.0 | 99.87 | 285.43 | 385.30 | NOTE | |
r-release-macos-arm64 | 0.5.0 | 155.00 | NOTE | |||
r-release-macos-x86_64 | 0.5.0 | 260.00 | NOTE | |||
r-release-windows-x86_64 | 0.5.0 | 110.00 | 311.00 | 421.00 | NOTE | |
r-oldrel-macos-arm64 | 0.5.0 | 130.00 | OK | |||
r-oldrel-windows-x86_64 | 0.5.0 | 106.00 | 271.00 | 377.00 | OK |
Version: 0.5.0
Check: C++ specification
Result: NOTE
Specified C++11: please drop specification unless essential
Flavors: r-devel-linux-x86_64-debian-clang, r-devel-linux-x86_64-debian-gcc, r-devel-linux-x86_64-fedora-clang, r-devel-linux-x86_64-fedora-gcc, r-prerel-macos-arm64, r-prerel-windows-x86_64, r-patched-linux-x86_64, r-release-linux-x86_64, r-release-macos-arm64, r-release-macos-x86_64, r-release-windows-x86_64