Last updated on 2025-01-19 05:49:10 CET.
Flavor | Version | Tinstall | Tcheck | Ttotal | Status | Flags |
---|---|---|---|---|---|---|
r-devel-linux-x86_64-debian-clang | 1.1 | 75.52 | 27.32 | 102.84 | NOTE | |
r-devel-linux-x86_64-debian-gcc | 1.1 | 55.69 | 22.52 | 78.21 | NOTE | |
r-devel-linux-x86_64-fedora-clang | 1.1 | 226.70 | NOTE | |||
r-devel-linux-x86_64-fedora-gcc | 1.1 | 221.44 | NOTE | |||
r-devel-windows-x86_64 | 1.1 | 85.00 | 75.00 | 160.00 | NOTE | |
r-patched-linux-x86_64 | 1.1 | 82.12 | 26.33 | 108.45 | NOTE | |
r-release-linux-x86_64 | 1.1 | 78.72 | 26.45 | 105.17 | NOTE | |
r-release-macos-arm64 | 1.1 | 42.00 | NOTE | |||
r-release-macos-x86_64 | 1.1 | 46.00 | NOTE | |||
r-release-windows-x86_64 | 1.1 | 85.00 | 68.00 | 153.00 | NOTE | |
r-oldrel-macos-arm64 | 1.1 | 59.00 | NOTE | |||
r-oldrel-macos-x86_64 | 1.1 | 101.00 | NOTE | |||
r-oldrel-windows-x86_64 | 1.1 | 97.00 | 79.00 | 176.00 | NOTE |
Version: 1.1
Check: C++ specification
Result: NOTE
Specified C++11: please drop specification unless essential
Flavors: r-devel-linux-x86_64-debian-clang, r-devel-linux-x86_64-debian-gcc, r-devel-linux-x86_64-fedora-clang, r-devel-linux-x86_64-fedora-gcc, r-devel-windows-x86_64, r-patched-linux-x86_64, r-release-linux-x86_64, r-release-macos-arm64, r-release-macos-x86_64, r-release-windows-x86_64, r-oldrel-macos-arm64, r-oldrel-macos-x86_64, r-oldrel-windows-x86_64
Version: 1.1
Check: installed package size
Result: NOTE
installed size is 7.8Mb
sub-directories of 1Mb or more:
data 3.5Mb
libs 4.0Mb
Flavors: r-release-macos-arm64, r-release-macos-x86_64, r-release-windows-x86_64, r-oldrel-macos-arm64, r-oldrel-macos-x86_64, r-oldrel-windows-x86_64