CRAN Package Check Results for Package HMMmlselect

Last updated on 2025-01-19 05:49:10 CET.

Flavor Version Tinstall Tcheck Ttotal Status Flags
r-devel-linux-x86_64-debian-clang 0.1.6 20.47 75.66 96.13 NOTE
r-devel-linux-x86_64-debian-gcc 0.1.6 15.17 55.64 70.81 NOTE
r-devel-linux-x86_64-fedora-clang 0.1.6 160.06 NOTE
r-devel-linux-x86_64-fedora-gcc 0.1.6 157.02 NOTE
r-devel-windows-x86_64 0.1.6 22.00 133.00 155.00 NOTE
r-patched-linux-x86_64 0.1.6 21.56 71.41 92.97 NOTE
r-release-linux-x86_64 0.1.6 21.49 69.82 91.31 NOTE
r-release-macos-arm64 0.1.6 48.00 NOTE
r-release-macos-x86_64 0.1.6 85.00 NOTE
r-release-windows-x86_64 0.1.6 24.00 130.00 154.00 NOTE
r-oldrel-macos-arm64 0.1.6 53.00 NOTE
r-oldrel-macos-x86_64 0.1.6 81.00 NOTE
r-oldrel-windows-x86_64 0.1.6 28.00 145.00 173.00 NOTE

Check Details

Version: 0.1.6
Check: C++ specification
Result: NOTE Specified C++11: please drop specification unless essential Flavors: r-devel-linux-x86_64-debian-clang, r-devel-linux-x86_64-debian-gcc, r-devel-linux-x86_64-fedora-clang, r-devel-linux-x86_64-fedora-gcc, r-devel-windows-x86_64, r-patched-linux-x86_64, r-release-linux-x86_64, r-release-macos-arm64, r-release-macos-x86_64, r-release-windows-x86_64, r-oldrel-macos-arm64, r-oldrel-macos-x86_64, r-oldrel-windows-x86_64

Version: 0.1.6
Check: LazyData
Result: NOTE 'LazyData' is specified without a 'data' directory Flavors: r-patched-linux-x86_64, r-release-linux-x86_64, r-release-macos-arm64, r-release-macos-x86_64, r-release-windows-x86_64, r-oldrel-macos-arm64, r-oldrel-macos-x86_64, r-oldrel-windows-x86_64