Last updated on 2024-04-17 13:57:30 CEST.
Flavor | Version | Tinstall | Tcheck | Ttotal | Status | Flags |
---|---|---|---|---|---|---|
r-devel-linux-x86_64-debian-clang | 0.1.6 | 36.20 | 97.56 | 133.76 | NOTE | |
r-devel-linux-x86_64-debian-gcc | 0.1.6 | 24.99 | 70.82 | 95.81 | NOTE | |
r-devel-linux-x86_64-fedora-clang | 0.1.6 | 165.29 | NOTE | |||
r-devel-linux-x86_64-fedora-gcc | 0.1.6 | 159.29 | NOTE | |||
r-prerel-macos-arm64 | 0.1.6 | 48.00 | NOTE | |||
r-prerel-windows-x86_64 | 0.1.6 | 28.00 | 131.00 | 159.00 | NOTE | |
r-patched-linux-x86_64 | 0.1.6 | 34.16 | 92.29 | 126.45 | NOTE | |
r-release-linux-x86_64 | 0.1.6 | 30.50 | 96.13 | 126.63 | NOTE | |
r-release-macos-arm64 | 0.1.6 | 53.00 | NOTE | |||
r-release-macos-x86_64 | 0.1.6 | 81.00 | NOTE | |||
r-release-windows-x86_64 | 0.1.6 | 36.00 | 142.00 | 178.00 | NOTE | |
r-oldrel-macos-arm64 | 0.1.6 | 63.00 | NOTE | |||
r-oldrel-windows-x86_64 | 0.1.6 | 34.00 | 130.00 | 164.00 | NOTE |
Version: 0.1.6
Check: C++ specification
Result: NOTE
Specified C++11: please drop specification unless essential
Flavors: r-devel-linux-x86_64-debian-clang, r-devel-linux-x86_64-debian-gcc, r-devel-linux-x86_64-fedora-clang, r-devel-linux-x86_64-fedora-gcc, r-prerel-macos-arm64, r-prerel-windows-x86_64, r-patched-linux-x86_64, r-release-linux-x86_64, r-release-macos-arm64, r-release-macos-x86_64, r-release-windows-x86_64
Version: 0.1.6
Check: LazyData
Result: NOTE
'LazyData' is specified without a 'data' directory
Flavors: r-devel-linux-x86_64-debian-clang, r-devel-linux-x86_64-debian-gcc, r-devel-linux-x86_64-fedora-clang, r-devel-linux-x86_64-fedora-gcc, r-prerel-macos-arm64, r-prerel-windows-x86_64, r-patched-linux-x86_64, r-release-linux-x86_64, r-release-macos-arm64, r-release-macos-x86_64, r-release-windows-x86_64, r-oldrel-macos-arm64, r-oldrel-windows-x86_64