CRAN Package Check Results for Package HRM

Last updated on 2019-10-19 12:47:36 CEST.

Flavor Version Tinstall Tcheck Ttotal Status Flags
r-devel-linux-x86_64-debian-clang 1.0.2 34.26 200.00 234.26 NOTE
r-devel-linux-x86_64-debian-gcc 1.0.2 24.95 204.84 229.79 NOTE
r-devel-linux-x86_64-fedora-clang 1.0.2 260.52 NOTE
r-devel-linux-x86_64-fedora-gcc 1.0.2 246.47 NOTE
r-devel-windows-ix86+x86_64 1.0.2 52.00 523.00 575.00 OK
r-patched-linux-x86_64 1.0.2 30.03 195.88 225.91 NOTE
r-patched-solaris-x86 1.0.2 325.90 NOTE
r-release-linux-x86_64 1.0.2 30.88 192.17 223.05 NOTE
r-release-windows-ix86+x86_64 1.0.2 54.00 508.00 562.00 OK
r-release-osx-x86_64 1.0.2 NOTE
r-oldrel-windows-ix86+x86_64 1.0.2 49.00 513.00 562.00 OK
r-oldrel-osx-x86_64 1.0.2 NOTE

Check Details

Version: 1.0.2
Check: package dependencies
Result: NOTE
    Package suggested but not available for checking: 'RGtk2Extras'
Flavors: r-devel-linux-x86_64-debian-clang, r-devel-linux-x86_64-debian-gcc, r-devel-linux-x86_64-fedora-clang, r-devel-linux-x86_64-fedora-gcc, r-patched-linux-x86_64, r-patched-solaris-x86, r-release-linux-x86_64

Version: 1.0.2
Check: package dependencies
Result: NOTE
    Packages suggested but not available for checking:
     'RGtk2', 'cairoDevice', 'RGtk2Extras'
Flavor: r-release-osx-x86_64

Version: 1.0.2
Check: package dependencies
Result: NOTE
    Packages suggested but not available for checking:
     ‘RGtk2’ ‘cairoDevice’ ‘RGtk2Extras’
Flavor: r-oldrel-osx-x86_64