CRAN Package Check Results for Package HSAUR3

Last updated on 2025-01-19 05:49:10 CET.

Flavor Version Tinstall Tcheck Ttotal Status Flags
r-devel-linux-x86_64-debian-clang 1.0-15 3.53 218.29 221.82 OK
r-devel-linux-x86_64-debian-gcc 1.0-15 2.51 168.13 170.64 OK
r-devel-linux-x86_64-fedora-clang 1.0-15 356.56 OK
r-devel-linux-x86_64-fedora-gcc 1.0-15 364.75 OK
r-devel-windows-x86_64 1.0-15 6.00 88.00 94.00 OK --no-vignettes
r-patched-linux-x86_64 1.0-15 3.88 209.44 213.32 OK
r-release-linux-x86_64 1.0-15 3.41 208.36 211.77 OK
r-release-macos-arm64 1.0-15 188.00 OK
r-release-macos-x86_64 1.0-15 559.00 OK
r-release-windows-x86_64 1.0-15 7.00 91.00 98.00 OK --no-vignettes
r-oldrel-macos-arm64 1.0-15 233.00 OK
r-oldrel-macos-x86_64 1.0-15 594.00 NOTE
r-oldrel-windows-x86_64 1.0-15 6.00 76.00 82.00 OK --no-vignettes

Check Details

Version: 1.0-15
Check: re-building of vignette outputs
Result: NOTE Note: skipping ‘Ch_cluster_analysis.Rnw’ due to unavailable dependencies: 'mvtnorm' Flavor: r-oldrel-macos-x86_64