CRAN Package Check Results for Package HSPOR

Last updated on 2025-01-19 05:49:10 CET.

Flavor Version Tinstall Tcheck Ttotal Status Flags
r-devel-linux-x86_64-debian-clang 1.1.9 13.85 88.08 101.93 OK
r-devel-linux-x86_64-debian-gcc 1.1.9 9.35 60.59 69.94 OK
r-devel-linux-x86_64-fedora-clang 1.1.9 167.08 OK
r-devel-linux-x86_64-fedora-gcc 1.1.9 151.02 OK
r-devel-windows-x86_64 1.1.9 14.00 90.00 104.00 OK
r-patched-linux-x86_64 1.1.9 13.83 81.91 95.74 NOTE
r-release-linux-x86_64 1.1.9 12.52 81.37 93.89 NOTE
r-release-macos-arm64 1.1.9 46.00 NOTE
r-release-macos-x86_64 1.1.9 68.00 NOTE
r-release-windows-x86_64 1.1.9 12.00 89.00 101.00 NOTE
r-oldrel-macos-arm64 1.1.9 49.00 NOTE
r-oldrel-macos-x86_64 1.1.9 75.00 NOTE
r-oldrel-windows-x86_64 1.1.9 17.00 100.00 117.00 NOTE

Check Details

Version: 1.1.9
Check: LazyData
Result: NOTE 'LazyData' is specified without a 'data' directory Flavors: r-patched-linux-x86_64, r-release-linux-x86_64, r-release-macos-arm64, r-release-macos-x86_64, r-release-windows-x86_64, r-oldrel-macos-arm64, r-oldrel-macos-x86_64, r-oldrel-windows-x86_64