Last updated on 2024-04-21 12:53:59 CEST.
Flavor | Version | Tinstall | Tcheck | Ttotal | Status | Flags |
---|---|---|---|---|---|---|
r-devel-linux-x86_64-debian-clang | 1.4.1 | 0.81 | 2.24 | 3.05 | ERROR | --no-vignettes |
r-devel-linux-x86_64-debian-gcc | 1.4.1 | 1.75 | 1.75 | ERROR | --no-vignettes | |
r-devel-linux-x86_64-fedora-clang | 1.4.1 | 1531.01 | NOTE | |||
r-devel-linux-x86_64-fedora-gcc | 1.4.1 | 1476.17 | NOTE | |||
r-prerel-macos-arm64 | 1.4.1 | 398.00 | NOTE | |||
r-prerel-macos-x86_64 | 1.4.1 | 911.00 | OK | |||
r-prerel-windows-x86_64 | 1.4.1 | 11.00 | 183.00 | 194.00 | NOTE | --no-vignettes |
r-patched-linux-x86_64 | 1.4.1 | 9.53 | 198.40 | 207.93 | NOTE | --no-vignettes |
r-release-linux-x86_64 | 1.4.1 | 6.38 | 198.02 | 204.40 | OK | --no-vignettes |
r-release-macos-arm64 | 1.4.1 | 9.00 | ERROR | |||
r-release-macos-x86_64 | 1.4.1 | 7.00 | ERROR | |||
r-release-windows-x86_64 | 1.4.1 | 12.00 | 220.00 | 232.00 | OK | --no-vignettes |
r-oldrel-macos-arm64 | 1.4.1 | 195.00 | NOTE | |||
r-oldrel-windows-x86_64 | 1.4.1 | 14.00 | 243.00 | 257.00 | OK | --no-vignettes |
Version: 1.4.1
Flags: --no-vignettes
Check: package dependencies
Result: ERROR
Packages required but not available: 'DESeq2', 'phyloseq'
See section ‘The DESCRIPTION file’ in the ‘Writing R Extensions’
manual.
Flavor: r-devel-linux-x86_64-debian-clang
Version: 1.4.1
Flags: --no-vignettes
Check: package dependencies
Result: ERROR
Package required but not available: ‘DESeq2’
See section ‘The DESCRIPTION file’ in the ‘Writing R Extensions’
manual.
Flavor: r-devel-linux-x86_64-debian-gcc
Version: 1.4.1
Check: dependencies in R code
Result: NOTE
Namespace in Imports field not imported from: ‘igraph’
All declared Imports should be used.
Flavors: r-devel-linux-x86_64-fedora-clang, r-devel-linux-x86_64-fedora-gcc, r-oldrel-macos-arm64
Version: 1.4.1
Check: Rd files
Result: NOTE
checkRd: (-1) BD_shift.Rd:67-73: Lost braces in \itemize; meant \describe ?
checkRd: (-1) BD_shift.Rd:74-77: Lost braces in \itemize; meant \describe ?
checkRd: (-1) BD_shift.Rd:78-82: Lost braces in \itemize; meant \describe ?
checkRd: (-1) BD_shift.Rd:83-87: Lost braces in \itemize; meant \describe ?
checkRd: (-1) data-physeq_rep3.Rd:11: Lost braces in \itemize; meant \describe ?
checkRd: (-1) data-physeq_rep3.Rd:12: Lost braces in \itemize; meant \describe ?
checkRd: (-1) data-physeq_rep3.Rd:13: Lost braces in \itemize; meant \describe ?
checkRd: (-1) data-physeq_rep3.Rd:14: Lost braces in \itemize; meant \describe ?
checkRd: (-1) data-physeq_rep3.Rd:15: Lost braces in \itemize; meant \describe ?
checkRd: (-1) data-physeq_rep3.Rd:16: Lost braces in \itemize; meant \describe ?
checkRd: (-1) heavy_SIP.Rd:69-71: Lost braces in \itemize; meant \describe ?
checkRd: (-1) heavy_SIP.Rd:72-75: Lost braces in \itemize; meant \describe ?
checkRd: (-1) heavy_SIP.Rd:76-79: Lost braces in \itemize; meant \describe ?
Flavors: r-devel-linux-x86_64-fedora-clang, r-devel-linux-x86_64-fedora-gcc, r-prerel-macos-arm64
Version: 1.4.1
Flags: --no-vignettes
Check: Rd files
Result: NOTE
checkRd: (-1) BD_shift.Rd:67-73: Lost braces in \itemize; meant \describe ?
checkRd: (-1) BD_shift.Rd:74-77: Lost braces in \itemize; meant \describe ?
checkRd: (-1) BD_shift.Rd:78-82: Lost braces in \itemize; meant \describe ?
checkRd: (-1) BD_shift.Rd:83-87: Lost braces in \itemize; meant \describe ?
checkRd: (-1) data-physeq_rep3.Rd:11: Lost braces in \itemize; meant \describe ?
checkRd: (-1) data-physeq_rep3.Rd:12: Lost braces in \itemize; meant \describe ?
checkRd: (-1) data-physeq_rep3.Rd:13: Lost braces in \itemize; meant \describe ?
checkRd: (-1) data-physeq_rep3.Rd:14: Lost braces in \itemize; meant \describe ?
checkRd: (-1) data-physeq_rep3.Rd:15: Lost braces in \itemize; meant \describe ?
checkRd: (-1) data-physeq_rep3.Rd:16: Lost braces in \itemize; meant \describe ?
checkRd: (-1) heavy_SIP.Rd:69-71: Lost braces in \itemize; meant \describe ?
checkRd: (-1) heavy_SIP.Rd:72-75: Lost braces in \itemize; meant \describe ?
checkRd: (-1) heavy_SIP.Rd:76-79: Lost braces in \itemize; meant \describe ?
Flavors: r-prerel-windows-x86_64, r-patched-linux-x86_64
Version: 1.4.1
Check: package dependencies
Result: ERROR
Package required but not available: ‘phyloseq’
See section ‘The DESCRIPTION file’ in the ‘Writing R Extensions’
manual.
Flavors: r-release-macos-arm64, r-release-macos-x86_64