Last updated on 2025-01-19 05:49:10 CET.
Flavor | Version | Tinstall | Tcheck | Ttotal | Status | Flags |
---|---|---|---|---|---|---|
r-devel-linux-x86_64-debian-clang | 1.8-13 | 6.49 | 56.68 | 63.17 | NOTE | |
r-devel-linux-x86_64-debian-gcc | 1.8-13 | 4.73 | 37.35 | 42.08 | NOTE | |
r-devel-linux-x86_64-fedora-clang | 1.8-13 | 104.99 | NOTE | |||
r-devel-linux-x86_64-fedora-gcc | 1.8-13 | 97.28 | NOTE | |||
r-devel-windows-x86_64 | 1.8-13 | 9.00 | 79.00 | 88.00 | NOTE | |
r-patched-linux-x86_64 | 1.8-13 | 6.60 | 52.83 | 59.43 | OK | |
r-release-linux-x86_64 | 1.8-13 | 5.88 | 53.22 | 59.10 | OK | |
r-release-macos-arm64 | 1.8-13 | 26.00 | OK | |||
r-release-macos-x86_64 | 1.8-13 | 45.00 | OK | |||
r-release-windows-x86_64 | 1.8-13 | 10.00 | 80.00 | 90.00 | OK | |
r-oldrel-macos-arm64 | 1.8-13 | 30.00 | OK | |||
r-oldrel-macos-x86_64 | 1.8-13 | 52.00 | OK | |||
r-oldrel-windows-x86_64 | 1.8-13 | 11.00 | 93.00 | 104.00 | OK |
Version: 1.8-13
Check: Rd \usage sections
Result: NOTE
Objects in \usage without \alias in Rd file 'HiddenMarkov-dthmm-deprecated.Rd':
‘residualshmm’
Functions with \usage entries need to have the appropriate \alias
entries, and all their arguments documented.
The \usage entries must correspond to syntactically valid R code.
See chapter ‘Writing R documentation files’ in the ‘Writing R
Extensions’ manual.
Flavors: r-devel-linux-x86_64-debian-clang, r-devel-linux-x86_64-debian-gcc, r-devel-linux-x86_64-fedora-clang, r-devel-linux-x86_64-fedora-gcc, r-devel-windows-x86_64