CRAN Package Check Results for Package HighDimOut

Last updated on 2020-09-24 12:50:43 CEST.

Flavor Version Tinstall Tcheck Ttotal Status Flags
r-devel-linux-x86_64-debian-clang 1.0.0 4.38 72.41 76.79 NOTE
r-devel-linux-x86_64-debian-gcc 1.0.0 3.82 54.25 58.07 NOTE
r-devel-linux-x86_64-fedora-clang 1.0.0 96.16 NOTE
r-devel-linux-x86_64-fedora-gcc 1.0.0 95.99 NOTE
r-devel-windows-ix86+x86_64 1.0.0 12.00 101.00 113.00 NOTE
r-patched-linux-x86_64 1.0.0 4.17 68.59 72.76 NOTE
r-patched-solaris-x86 1.0.0 120.30 NOTE
r-release-linux-x86_64 1.0.0 4.78 69.51 74.29 NOTE
r-release-macos-x86_64 1.0.0 NOTE
r-release-windows-ix86+x86_64 1.0.0 22.00 131.00 153.00 NOTE
r-oldrel-macos-x86_64 1.0.0 NOTE
r-oldrel-windows-ix86+x86_64 1.0.0 8.00 83.00 91.00 NOTE

Check Details

Version: 1.0.0
Check: R code for possible problems
Result: NOTE
    Func.ABOD: no visible global function definition for 'combn'
    Func.ABOD: no visible global function definition for 'var'
    Func.SOD: no visible global function definition for 'var'
    Func.trans : erf: no visible global function definition for 'pnorm'
    Func.trans: no visible global function definition for 'sd'
    Undefined global functions or variables:
     combn pnorm sd var
    Consider adding
     importFrom("stats", "pnorm", "sd", "var")
     importFrom("utils", "combn")
    to your NAMESPACE file.
Flavors: r-devel-linux-x86_64-debian-clang, r-devel-linux-x86_64-debian-gcc, r-devel-linux-x86_64-fedora-clang, r-devel-linux-x86_64-fedora-gcc, r-devel-windows-ix86+x86_64, r-patched-linux-x86_64, r-patched-solaris-x86, r-release-linux-x86_64, r-release-macos-x86_64, r-release-windows-ix86+x86_64, r-oldrel-macos-x86_64, r-oldrel-windows-ix86+x86_64