CRAN Package Check Results for Package HistDAWass

Last updated on 2020-05-28 12:48:41 CEST.

Flavor Version Tinstall Tcheck Ttotal Status Flags
r-devel-linux-x86_64-debian-clang 1.0.4 69.90 96.00 165.90 OK
r-devel-linux-x86_64-debian-gcc 1.0.4 51.16 71.56 122.72 OK
r-devel-linux-x86_64-fedora-clang 1.0.4 223.67 NOTE
r-devel-linux-x86_64-fedora-gcc 1.0.4 220.11 OK
r-devel-windows-ix86+x86_64 1.0.4 159.00 206.00 365.00 OK
r-patched-linux-x86_64 1.0.4 63.21 93.02 156.23 OK
r-patched-solaris-x86 1.0.4 227.50 OK
r-release-linux-x86_64 1.0.4 58.28 93.11 151.39 OK
r-release-osx-x86_64 1.0.4 NOTE
r-release-windows-ix86+x86_64 1.0.4 128.00 195.00 323.00 OK
r-oldrel-osx-x86_64 1.0.4 NOTE
r-oldrel-windows-ix86+x86_64 1.0.4 115.00 153.00 268.00 OK

Check Details

Version: 1.0.4
Check: installed package size
Result: NOTE
     installed size is 7.6Mb
     sub-directories of 1Mb or more:
     data 1.0Mb
     libs 5.8Mb
Flavors: r-devel-linux-x86_64-fedora-clang, r-release-osx-x86_64, r-oldrel-osx-x86_64