CRAN Package Check Results for Package HiveR

Last updated on 2020-07-06 12:48:36 CEST.

Flavor Version Tinstall Tcheck Ttotal Status Flags
r-devel-linux-x86_64-debian-clang 0.3.63 13.89 208.47 222.36 OK
r-devel-linux-x86_64-debian-gcc 0.3.63 10.92 169.83 180.75 OK
r-devel-linux-x86_64-fedora-clang 0.3.63 291.85 OK
r-devel-linux-x86_64-fedora-gcc 0.3.63 268.65 OK
r-devel-windows-ix86+x86_64 0.3.63 28.00 269.00 297.00 OK
r-patched-linux-x86_64 0.3.63 13.05 209.28 222.33 OK
r-patched-solaris-x86 0.3.63 399.60 OK
r-release-linux-x86_64 0.3.63 13.93 212.64 226.57 OK
r-release-osx-x86_64 0.3.63 OK
r-release-windows-ix86+x86_64 0.3.63 21.00 204.00 225.00 OK
r-oldrel-osx-x86_64 0.3.63 WARN
r-oldrel-windows-ix86+x86_64 0.3.63 35.00 310.00 345.00 OK

Check Details

Version: 0.3.63
Check: whether package can be installed
Result: WARN
    Found the following significant warnings:
     Warning: 'rgl.init' failed, running with 'rgl.useNULL = TRUE'.
Flavor: r-oldrel-osx-x86_64

Version: 0.3.63
Check: dependencies in R code
Result: NOTE
    No protocol specified
    No protocol specified
Flavor: r-oldrel-osx-x86_64

Version: 0.3.63
Check: S3 generic/method consistency
Result: WARN
    No protocol specified
    No protocol specified
    See section ‘Generic functions and methods’ in the ‘Writing R
    Extensions’ manual.
Flavor: r-oldrel-osx-x86_64

Version: 0.3.63
Check: replacement functions
Result: WARN
    No protocol specified
    No protocol specified
    The argument of a replacement function which corresponds to the right
    hand side must be named ‘value’.
Flavor: r-oldrel-osx-x86_64

Version: 0.3.63
Check: foreign function calls
Result: NOTE
    No protocol specified
    No protocol specified
    See chapter ‘System and foreign language interfaces’ in the ‘Writing R
    Extensions’ manual.
Flavor: r-oldrel-osx-x86_64

Version: 0.3.63
Check: R code for possible problems
Result: NOTE
    No protocol specified
    No protocol specified
Flavor: r-oldrel-osx-x86_64

Version: 0.3.63
Check: for missing documentation entries
Result: WARN
    No protocol specified
    No protocol specified
    All user-level objects in a package should have documentation entries.
    See chapter ‘Writing R documentation files’ in the ‘Writing R
    Extensions’ manual.
Flavor: r-oldrel-osx-x86_64

Version: 0.3.63
Check: for code/documentation mismatches
Result: WARN
    No protocol specified
    No protocol specified
    No protocol specified
    No protocol specified
    No protocol specified
    No protocol specified
Flavor: r-oldrel-osx-x86_64

Version: 0.3.63
Check: Rd \usage sections
Result: NOTE
    No protocol specified
    No protocol specified
    The \usage entries for S3 methods should use the \method markup and not
    their full name.
    See chapter ‘Writing R documentation files’ in the ‘Writing R
    Extensions’ manual.
Flavor: r-oldrel-osx-x86_64