CRAN Package Check Results for Package HiveR

Last updated on 2019-12-10 12:48:02 CET.

Flavor Version Tinstall Tcheck Ttotal Status Flags
r-devel-linux-x86_64-debian-clang 0.3.42 13.97 211.86 225.83 OK
r-devel-linux-x86_64-debian-gcc 0.3.42 10.55 166.69 177.24 OK
r-devel-linux-x86_64-fedora-clang 0.3.42 283.73 OK
r-devel-linux-x86_64-fedora-gcc 0.3.42 270.69 OK
r-devel-windows-ix86+x86_64 0.3.42 24.00 209.00 233.00 OK
r-devel-windows-ix86+x86_64-gcc8 0.3.42 18.00 208.00 226.00 OK
r-patched-linux-x86_64 0.3.42 10.91 199.37 210.28 OK
r-patched-solaris-x86 0.3.42 410.20 OK
r-release-linux-x86_64 0.3.42 12.22 200.63 212.85 OK
r-release-windows-ix86+x86_64 0.3.42 18.00 215.00 233.00 OK
r-release-osx-x86_64 0.3.42 WARN
r-oldrel-windows-ix86+x86_64 0.3.42 12.00 206.00 218.00 OK
r-oldrel-osx-x86_64 0.3.42 OK

Check Details

Version: 0.3.42
Check: whether package can be installed
Result: WARN
    Found the following significant warnings:
     Warning: 'rgl_init' failed, running with rgl.useNULL = TRUE
Flavor: r-release-osx-x86_64