Last updated on 2024-05-01 16:52:57 CEST.
Flavor | Version | Tinstall | Tcheck | Ttotal | Status | Flags |
---|---|---|---|---|---|---|
r-devel-linux-x86_64-debian-clang | 1.1.0 | 14.09 | 82.05 | 96.14 | OK | |
r-devel-linux-x86_64-debian-gcc | 1.1.0 | 9.80 | 60.72 | 70.52 | OK | |
r-devel-linux-x86_64-fedora-clang | 1.1.0 | 119.14 | NOTE | |||
r-devel-linux-x86_64-fedora-gcc | 1.1.0 | 136.64 | NOTE | |||
r-devel-windows-x86_64 | 1.1.0 | 12.00 | 73.00 | 85.00 | NOTE | |
r-patched-linux-x86_64 | 1.1.0 | 7.15 | 76.62 | 83.77 | OK | |
r-release-linux-x86_64 | 1.1.0 | 7.19 | 74.94 | 82.13 | OK | |
r-release-macos-arm64 | 1.1.0 | 40.00 | NOTE | |||
r-release-macos-x86_64 | 1.1.0 | 107.00 | NOTE | |||
r-release-windows-x86_64 | 1.1.0 | 12.00 | 75.00 | 87.00 | NOTE | |
r-oldrel-macos-arm64 | 1.1.0 | 45.00 | NOTE | |||
r-oldrel-macos-x86_64 | 1.1.0 | 86.00 | NOTE | |||
r-oldrel-windows-x86_64 | 1.1.0 | 15.00 | 90.00 | 105.00 | NOTE |
Version: 1.1.0
Check: package dependencies
Result: NOTE
Imports includes 21 non-default packages.
Importing from so many packages makes the package vulnerable to any of
them becoming unavailable. Move as many as possible to Suggests and
use conditionally.
Flavor: r-devel-linux-x86_64-fedora-clang
Version: 1.1.0
Check: installed package size
Result: NOTE
installed size is 5.3Mb
sub-directories of 1Mb or more:
app 1.7Mb
doc 3.3Mb
Flavors: r-devel-linux-x86_64-fedora-clang, r-devel-windows-x86_64, r-release-macos-arm64, r-release-macos-x86_64, r-release-windows-x86_64, r-oldrel-macos-arm64, r-oldrel-macos-x86_64, r-oldrel-windows-x86_64
Version: 1.1.0
Check: dependencies in R code
Result: NOTE
Namespace in Imports field not imported from: ‘markdown’
All declared Imports should be used.
Flavors: r-devel-linux-x86_64-fedora-clang, r-devel-linux-x86_64-fedora-gcc