CRAN Package Check Results for Package HotellingEllipse

Last updated on 2025-01-19 05:49:10 CET.

Flavor Version Tinstall Tcheck Ttotal Status Flags
r-devel-linux-x86_64-debian-clang 1.2.0 7.55 95.65 103.20 OK
r-devel-linux-x86_64-debian-gcc 1.2.0 6.50 71.46 77.96 OK
r-devel-linux-x86_64-fedora-clang 1.2.0 169.30 OK
r-devel-linux-x86_64-fedora-gcc 1.2.0 174.80 OK
r-devel-windows-x86_64 1.2.0 14.00 105.00 119.00 OK
r-patched-linux-x86_64 1.2.0 7.79 89.94 97.73 OK
r-release-linux-x86_64 1.2.0 8.57 88.75 97.32 OK
r-release-macos-arm64 1.2.0 61.00 OK
r-release-macos-x86_64 1.2.0 164.00 NOTE
r-release-windows-x86_64 1.2.0 14.00 104.00 118.00 OK
r-oldrel-macos-arm64 1.2.0 102.00 OK
r-oldrel-macos-x86_64 1.2.0 129.00 NOTE
r-oldrel-windows-x86_64 1.2.0 15.00 124.00 139.00 OK

Check Details

Version: 1.2.0
Check: installed package size
Result: NOTE installed size is 5.7Mb sub-directories of 1Mb or more: data 3.1Mb help 2.0Mb Flavors: r-release-macos-x86_64, r-oldrel-macos-x86_64