Last updated on 2025-01-19 05:49:10 CET.
Flavor | Version | Tinstall | Tcheck | Ttotal | Status | Flags |
---|---|---|---|---|---|---|
r-devel-linux-x86_64-debian-clang | 1.1.3 | 5.21 | 62.39 | 67.60 | OK | |
r-devel-linux-x86_64-debian-gcc | 1.1.3 | 3.77 | 46.20 | 49.97 | OK | |
r-devel-linux-x86_64-fedora-clang | 1.1.3 | 109.02 | OK | |||
r-devel-linux-x86_64-fedora-gcc | 1.1.3 | 115.48 | OK | |||
r-devel-windows-x86_64 | 1.1.3 | 9.00 | 89.00 | 98.00 | OK | |
r-patched-linux-x86_64 | 1.1.3 | 5.16 | 58.36 | 63.52 | OK | |
r-release-linux-x86_64 | 1.1.3 | 4.92 | 58.06 | 62.98 | OK | |
r-release-macos-arm64 | 1.1.3 | 45.00 | NOTE | |||
r-release-macos-x86_64 | 1.1.3 | 101.00 | NOTE | |||
r-release-windows-x86_64 | 1.1.3 | 8.00 | 89.00 | 97.00 | NOTE | |
r-oldrel-macos-arm64 | 1.1.3 | 41.00 | NOTE | |||
r-oldrel-macos-x86_64 | 1.1.3 | 66.00 | NOTE | |||
r-oldrel-windows-x86_64 | 1.1.3 | 9.00 | 101.00 | 110.00 | NOTE |
Version: 1.1.3
Check: installed package size
Result: NOTE
installed size is 7.4Mb
sub-directories of 1Mb or more:
extdata 5.7Mb
Flavors: r-release-macos-arm64, r-release-macos-x86_64, r-release-windows-x86_64, r-oldrel-macos-arm64, r-oldrel-macos-x86_64, r-oldrel-windows-x86_64