Last updated on 2025-01-19 05:49:10 CET.
Flavor | Version | Tinstall | Tcheck | Ttotal | Status | Flags |
---|---|---|---|---|---|---|
r-devel-linux-x86_64-debian-clang | 0.1.1 | 29.22 | 265.89 | 295.11 | OK | |
r-devel-linux-x86_64-debian-gcc | 0.1.1 | 21.77 | 183.72 | 205.49 | OK | |
r-devel-linux-x86_64-fedora-clang | 0.1.1 | 496.55 | OK | |||
r-devel-linux-x86_64-fedora-gcc | 0.1.1 | 484.40 | OK | |||
r-devel-windows-x86_64 | 0.1.1 | 28.00 | 231.00 | 259.00 | OK | |
r-patched-linux-x86_64 | 0.1.1 | 27.39 | 244.62 | 272.01 | NOTE | |
r-release-linux-x86_64 | 0.1.1 | 27.05 | 245.12 | 272.17 | NOTE | |
r-release-macos-arm64 | 0.1.1 | 121.00 | NOTE | |||
r-release-macos-x86_64 | 0.1.1 | 212.00 | NOTE | |||
r-release-windows-x86_64 | 0.1.1 | 27.00 | 228.00 | 255.00 | NOTE | |
r-oldrel-macos-arm64 | 0.1.1 | 136.00 | NOTE | |||
r-oldrel-macos-x86_64 | 0.1.1 | 432.00 | NOTE | |||
r-oldrel-windows-x86_64 | 0.1.1 | 35.00 | 300.00 | 335.00 | NOTE |
Version: 0.1.1
Check: package dependencies
Result: NOTE
Package suggested but not available for checking: ‘microViz’
Flavors: r-patched-linux-x86_64, r-release-linux-x86_64, r-release-macos-arm64, r-release-macos-x86_64, r-release-windows-x86_64, r-oldrel-macos-arm64, r-oldrel-macos-x86_64, r-oldrel-windows-x86_64