Last updated on 2025-01-19 05:49:10 CET.
Flavor | Version | Tinstall | Tcheck | Ttotal | Status | Flags |
---|---|---|---|---|---|---|
r-devel-linux-x86_64-debian-clang | 0.10-2 | 6.78 | 49.58 | 56.36 | NOTE | |
r-devel-linux-x86_64-debian-gcc | 0.10-2 | 4.18 | 37.84 | 42.02 | NOTE | |
r-devel-linux-x86_64-fedora-clang | 0.10-2 | 93.68 | NOTE | |||
r-devel-linux-x86_64-fedora-gcc | 0.10-2 | 99.00 | NOTE | |||
r-devel-windows-x86_64 | 0.10-2 | 7.00 | 108.00 | 115.00 | NOTE | |
r-patched-linux-x86_64 | 0.10-2 | 6.06 | 47.97 | 54.03 | NOTE | |
r-release-linux-x86_64 | 0.10-2 | 5.64 | 47.73 | 53.37 | NOTE | |
r-release-macos-arm64 | 0.10-2 | 38.00 | NOTE | |||
r-release-macos-x86_64 | 0.10-2 | 56.00 | NOTE | |||
r-release-windows-x86_64 | 0.10-2 | 6.00 | 107.00 | 113.00 | NOTE | |
r-oldrel-macos-arm64 | 0.10-2 | 39.00 | OK | |||
r-oldrel-macos-x86_64 | 0.10-2 | 57.00 | OK | |||
r-oldrel-windows-x86_64 | 0.10-2 | 9.00 | 99.00 | 108.00 | OK |
Version: 0.10-2
Check: Rd files
Result: NOTE
checkRd: (-1) setServerLogLevel.Rd:20: Lost braces in \enumerate; meant \describe ?
checkRd: (-1) setServerLogLevel.Rd:21: Lost braces in \enumerate; meant \describe ?
checkRd: (-1) setServerLogLevel.Rd:22: Lost braces in \enumerate; meant \describe ?
checkRd: (-1) setServerLogLevel.Rd:23: Lost braces in \enumerate; meant \describe ?
checkRd: (-1) setServerLogLevel.Rd:24: Lost braces in \enumerate; meant \describe ?
Flavors: r-devel-linux-x86_64-debian-clang, r-devel-linux-x86_64-debian-gcc, r-devel-linux-x86_64-fedora-clang, r-devel-linux-x86_64-fedora-gcc, r-devel-windows-x86_64, r-patched-linux-x86_64, r-release-linux-x86_64, r-release-macos-arm64, r-release-macos-x86_64, r-release-windows-x86_64