CRAN Package Check Results for Package ICCbin

Last updated on 2025-01-19 05:49:10 CET.

Flavor Version Tinstall Tcheck Ttotal Status Flags
r-devel-linux-x86_64-debian-clang 1.1.1 2.82 27.23 30.05 OK
r-devel-linux-x86_64-debian-gcc 1.1.1 1.85 20.45 22.30 OK
r-devel-linux-x86_64-fedora-clang 1.1.1 50.29 OK
r-devel-linux-x86_64-fedora-gcc 1.1.1 45.96 OK
r-devel-windows-x86_64 1.1.1 5.00 47.00 52.00 OK
r-patched-linux-x86_64 1.1.1 2.16 26.30 28.46 NOTE
r-release-linux-x86_64 1.1.1 2.90 25.81 28.71 NOTE
r-release-macos-arm64 1.1.1 17.00 NOTE
r-release-macos-x86_64 1.1.1 24.00 NOTE
r-release-windows-x86_64 1.1.1 4.00 46.00 50.00 NOTE
r-oldrel-macos-arm64 1.1.1 18.00 NOTE
r-oldrel-macos-x86_64 1.1.1 25.00 NOTE
r-oldrel-windows-x86_64 1.1.1 4.00 49.00 53.00 NOTE

Check Details

Version: 1.1.1
Check: LazyData
Result: NOTE 'LazyData' is specified without a 'data' directory Flavors: r-patched-linux-x86_64, r-release-linux-x86_64, r-release-macos-arm64, r-release-macos-x86_64, r-release-windows-x86_64, r-oldrel-macos-arm64, r-oldrel-macos-x86_64, r-oldrel-windows-x86_64