CRAN Package Check Results for Package ICGE

Last updated on 2025-01-19 05:49:10 CET.

Flavor Version Tinstall Tcheck Ttotal Status Flags
r-devel-linux-x86_64-debian-clang 0.4.2 2.90 27.24 30.14 NOTE
r-devel-linux-x86_64-debian-gcc 0.4.2 2.35 21.01 23.36 NOTE
r-devel-linux-x86_64-fedora-clang 0.4.2 48.69 OK
r-devel-linux-x86_64-fedora-gcc 0.4.2 46.10 OK
r-devel-windows-x86_64 0.4.2 6.00 51.00 57.00 NOTE
r-patched-linux-x86_64 0.4.2 3.04 26.07 29.11 OK
r-release-linux-x86_64 0.4.2 2.60 26.08 28.68 OK
r-release-macos-arm64 0.4.2 19.00 OK
r-release-macos-x86_64 0.4.2 26.00 OK
r-release-windows-x86_64 0.4.2 4.00 54.00 58.00 OK
r-oldrel-macos-arm64 0.4.2 18.00 OK
r-oldrel-macos-x86_64 0.4.2 27.00 OK
r-oldrel-windows-x86_64 0.4.2 5.00 52.00 57.00 OK

Check Details

Version: 0.4.2
Check: Rd cross-references
Result: NOTE Found the following Rd file(s) with Rd \link{} targets missing package anchors: INCAnumclu.Rd: pam, diana, fanny Please provide package anchors for all Rd \link{} targets not in the package itself and the base packages. Flavors: r-devel-linux-x86_64-debian-clang, r-devel-linux-x86_64-debian-gcc, r-devel-windows-x86_64