CRAN Package Check Results for Package ICSS

Last updated on 2025-01-19 05:49:10 CET.

Flavor Version Tinstall Tcheck Ttotal Status Flags
r-devel-linux-x86_64-debian-clang 1.1 1.31 18.10 19.41 NOTE
r-devel-linux-x86_64-debian-gcc 1.1 1.37 14.60 15.97 NOTE
r-devel-linux-x86_64-fedora-clang 1.1 32.09 NOTE
r-devel-linux-x86_64-fedora-gcc 1.1 30.54 NOTE
r-devel-windows-x86_64 1.1 3.00 40.00 43.00 NOTE
r-patched-linux-x86_64 1.1 1.73 17.19 18.92 NOTE
r-release-linux-x86_64 1.1 1.67 17.39 19.06 NOTE
r-release-macos-arm64 1.1 15.00 NOTE
r-release-macos-x86_64 1.1 22.00 NOTE
r-release-windows-x86_64 1.1 4.00 39.00 43.00 NOTE
r-oldrel-macos-arm64 1.1 15.00 OK
r-oldrel-macos-x86_64 1.1 21.00 OK
r-oldrel-windows-x86_64 1.1 4.00 42.00 46.00 OK

Check Details

Version: 1.1
Check: Rd files
Result: NOTE checkRd: (-1) data.Rd:7: Lost braces in \itemize; meant \describe ? checkRd: (-1) data.Rd:8: Lost braces in \itemize; meant \describe ? checkRd: (-1) data.Rd:9: Lost braces in \itemize; meant \describe ? Flavors: r-devel-linux-x86_64-debian-clang, r-devel-linux-x86_64-debian-gcc, r-devel-linux-x86_64-fedora-clang, r-devel-linux-x86_64-fedora-gcc, r-devel-windows-x86_64, r-patched-linux-x86_64, r-release-linux-x86_64, r-release-macos-arm64, r-release-macos-x86_64, r-release-windows-x86_64