Last updated on 2021-04-22 12:53:59 CEST.
Flavor | Version | Tinstall | Tcheck | Ttotal | Status | Flags |
---|---|---|---|---|---|---|
r-devel-linux-x86_64-debian-clang | 0.5 | 10.53 | 89.44 | 99.97 | OK | |
r-devel-linux-x86_64-debian-gcc | 0.5 | 9.17 | 69.34 | 78.51 | OK | |
r-devel-linux-x86_64-fedora-clang | 0.5 | 129.47 | OK | |||
r-devel-linux-x86_64-fedora-gcc | 0.5 | 117.36 | OK | |||
r-devel-windows-ix86+x86_64 | 0.5 | 24.00 | 114.00 | 138.00 | OK | |
r-devel-windows-x86_64-gcc10-UCRT | 0.5 | OK | ||||
r-patched-linux-x86_64 | 0.5 | 14.98 | 83.60 | 98.58 | WARN | |
r-patched-solaris-x86 | 0.5 | 181.70 | OK | |||
r-release-linux-x86_64 | 0.5 | 9.63 | 83.79 | 93.42 | OK | |
r-release-macos-x86_64 | 0.5 | OK | ||||
r-release-windows-ix86+x86_64 | 0.5 | 25.00 | 112.00 | 137.00 | OK | |
r-oldrel-macos-x86_64 | 0.5 | OK | ||||
r-oldrel-windows-ix86+x86_64 | 0.5 | 28.00 | 109.00 | 137.00 | OK |
Version: 0.5
Check: whether package can be installed
Result: WARN
Found the following significant warnings:
Rd warning: /tmp/RtmpoVvk1C/R.INSTALL226d4559acf8/ICSShiny/man/ICSShiny.Rd:30: file link ‘clusterSetRNGStream’ in package ‘parallel’ does not exist and so has been treated as a topic
Flavor: r-patched-linux-x86_64