Last updated on 2025-01-19 05:49:10 CET.
Flavor | Version | Tinstall | Tcheck | Ttotal | Status | Flags |
---|---|---|---|---|---|---|
r-devel-linux-x86_64-debian-clang | 1.2.8 | 6.13 | 66.51 | 72.64 | OK | |
r-devel-linux-x86_64-debian-gcc | 1.2.8 | 4.32 | 47.49 | 51.81 | OK | |
r-devel-linux-x86_64-fedora-clang | 1.2.8 | 119.37 | OK | |||
r-devel-linux-x86_64-fedora-gcc | 1.2.8 | 124.18 | OK | |||
r-devel-windows-x86_64 | 1.2.8 | 7.00 | 80.00 | 87.00 | OK | |
r-patched-linux-x86_64 | 1.2.8 | 5.76 | 64.06 | 69.82 | ERROR | |
r-release-linux-x86_64 | 1.2.8 | 5.38 | 63.58 | 68.96 | OK | |
r-release-macos-arm64 | 1.2.8 | 41.00 | OK | |||
r-release-macos-x86_64 | 1.2.8 | 61.00 | OK | |||
r-release-windows-x86_64 | 1.2.8 | 9.00 | 77.00 | 86.00 | OK | |
r-oldrel-macos-arm64 | 1.2.8 | 43.00 | OK | |||
r-oldrel-macos-x86_64 | 1.2.8 | 82.00 | OK | |||
r-oldrel-windows-x86_64 | 1.2.8 | 10.00 | 91.00 | 101.00 | OK |
Version: 1.2.8
Check: tests
Result: ERROR
Running ‘testthat.R’ [10s/14s]
Running the tests in ‘tests/testthat.R’ failed.
Complete output:
> library(testthat)
> library(ICSsmoothing)
Loading required package: polynom
Loading required package: ggplot2
> library(ggplot2)
>
> test_check("ICSsmoothing")
[ FAIL 1 | WARN 2 | SKIP 0 | PASS 13 ]
══ Failed tests ════════════════════════════════════════════════════════════════
── Failure ('test_expl_spline.R:95:3'): cics_explicit works correctly. ─────────
`is_spline` not equal to TRUE.
1 element mismatch
[ FAIL 1 | WARN 2 | SKIP 0 | PASS 13 ]
Error: Test failures
Execution halted
Flavor: r-patched-linux-x86_64