Last updated on 2024-04-17 13:57:31 CEST.
Flavor | Version | Tinstall | Tcheck | Ttotal | Status | Flags |
---|---|---|---|---|---|---|
r-devel-linux-x86_64-debian-clang | 0.5.1 | 7.18 | 107.30 | 114.48 | NOTE | |
r-devel-linux-x86_64-debian-gcc | 0.5.1 | 8.31 | 78.38 | 86.69 | NOTE | |
r-devel-linux-x86_64-fedora-clang | 0.5.1 | 146.19 | NOTE | |||
r-devel-linux-x86_64-fedora-gcc | 0.5.1 | 134.92 | NOTE | |||
r-prerel-macos-arm64 | 0.5.1 | 42.00 | NOTE | |||
r-prerel-windows-x86_64 | 0.5.1 | 9.00 | 90.00 | 99.00 | NOTE | |
r-patched-linux-x86_64 | 0.5.1 | 9.98 | 99.20 | 109.18 | NOTE | |
r-release-linux-x86_64 | 0.5.1 | 7.54 | 105.61 | 113.15 | NOTE | |
r-release-macos-arm64 | 0.5.1 | 54.00 | NOTE | |||
r-release-macos-x86_64 | 0.5.1 | 83.00 | NOTE | |||
r-release-windows-x86_64 | 0.5.1 | 13.00 | 116.00 | 129.00 | NOTE | |
r-oldrel-macos-arm64 | 0.5.1 | 51.00 | NOTE | |||
r-oldrel-windows-x86_64 | 0.5.1 | 14.00 | 120.00 | 134.00 | NOTE |
Version: 0.5.1
Check: LazyData
Result: NOTE
'LazyData' is specified without a 'data' directory
Flavors: r-devel-linux-x86_64-debian-clang, r-devel-linux-x86_64-debian-gcc, r-devel-linux-x86_64-fedora-clang, r-devel-linux-x86_64-fedora-gcc, r-prerel-macos-arm64, r-prerel-windows-x86_64, r-patched-linux-x86_64, r-release-linux-x86_64, r-release-macos-arm64, r-release-macos-x86_64, r-release-windows-x86_64, r-oldrel-macos-arm64, r-oldrel-windows-x86_64
Version: 0.5.1
Check: package dependencies
Result: NOTE
Package suggested but not available for checking: ‘LTRCtrees’
Flavors: r-release-macos-x86_64, r-oldrel-macos-arm64
Version: 0.5.1
Check: Rd cross-references
Result: NOTE
Package unavailable to check Rd xrefs: ‘LTRCtrees’
Flavors: r-release-macos-x86_64, r-oldrel-macos-arm64