Last updated on 2025-01-19 05:49:10 CET.
Flavor | Version | Tinstall | Tcheck | Ttotal | Status | Flags |
---|---|---|---|---|---|---|
r-devel-linux-x86_64-debian-clang | 0.1.0 | 14.92 | 108.12 | 123.04 | OK | |
r-devel-linux-x86_64-debian-gcc | 0.1.0 | 9.06 | 81.06 | 90.12 | OK | |
r-devel-linux-x86_64-fedora-clang | 0.1.0 | 200.85 | OK | |||
r-devel-linux-x86_64-fedora-gcc | 0.1.0 | 191.64 | OK | |||
r-devel-windows-x86_64 | 0.1.0 | 18.00 | 114.00 | 132.00 | OK | |
r-patched-linux-x86_64 | 0.1.0 | 14.06 | 101.58 | 115.64 | OK | |
r-release-linux-x86_64 | 0.1.0 | 14.97 | 100.55 | 115.52 | OK | |
r-release-macos-arm64 | 0.1.0 | 64.00 | NOTE | |||
r-release-macos-x86_64 | 0.1.0 | 93.00 | NOTE | |||
r-release-windows-x86_64 | 0.1.0 | 16.00 | 115.00 | 131.00 | OK | |
r-oldrel-macos-arm64 | 0.1.0 | 64.00 | NOTE | |||
r-oldrel-macos-x86_64 | 0.1.0 | 77.00 | NOTE | |||
r-oldrel-windows-x86_64 | 0.1.0 | 20.00 | 140.00 | 160.00 | OK |
Version: 0.1.0
Check: installed package size
Result: NOTE
installed size is 5.2Mb
sub-directories of 1Mb or more:
data 5.0Mb
Flavors: r-release-macos-arm64, r-release-macos-x86_64, r-oldrel-macos-arm64, r-oldrel-macos-x86_64