Last updated on 2024-05-01 16:52:58 CEST.
Flavor | Version | Tinstall | Tcheck | Ttotal | Status | Flags |
---|---|---|---|---|---|---|
r-devel-linux-x86_64-debian-clang | 1.0.0 | 7.30 | 67.94 | 75.24 | OK | |
r-devel-linux-x86_64-debian-gcc | 1.0.0 | 5.92 | 49.32 | 55.24 | OK | |
r-devel-linux-x86_64-fedora-clang | 1.0.0 | 92.13 | NOTE | |||
r-devel-linux-x86_64-fedora-gcc | 1.0.0 | 87.48 | NOTE | |||
r-devel-windows-x86_64 | 1.0.0 | 7.00 | 81.00 | 88.00 | OK | |
r-patched-linux-x86_64 | 1.0.0 | 8.28 | 64.06 | 72.34 | OK | |
r-release-linux-x86_64 | 1.0.0 | 7.43 | 63.41 | 70.84 | OK | |
r-release-macos-arm64 | 1.0.0 | 28.00 | OK | |||
r-release-windows-x86_64 | 1.0.0 | 7.00 | 83.00 | 90.00 | OK | |
r-oldrel-macos-arm64 | 1.0.0 | 32.00 | OK | |||
r-oldrel-macos-x86_64 | 1.0.0 | 46.00 | OK | |||
r-oldrel-windows-x86_64 | 1.0.0 | 10.00 | 98.00 | 108.00 | OK |
Version: 1.0.0
Check: dependencies in R code
Result: NOTE
Namespace in Imports field not imported from: ‘Rdpack’
All declared Imports should be used.
Flavors: r-devel-linux-x86_64-fedora-clang, r-devel-linux-x86_64-fedora-gcc