CRAN Package Check Results for Package IFC

Last updated on 2020-10-26 11:51:07 CET.

Flavor Version Tinstall Tcheck Ttotal Status Flags
r-devel-linux-x86_64-debian-clang 0.0.9 85.30 93.83 179.13 NOTE
r-devel-linux-x86_64-debian-gcc 0.0.9 69.57 67.81 137.38 NOTE
r-devel-linux-x86_64-fedora-clang 0.0.9 269.42 NOTE
r-devel-linux-x86_64-fedora-gcc 0.0.9 223.80 NOTE
r-devel-windows-ix86+x86_64 0.0.9 197.00 124.00 321.00 NOTE
r-patched-linux-x86_64 0.0.9 86.12 84.70 170.82 NOTE
r-patched-solaris-x86 0.0.9 215.20 NOTE
r-release-linux-x86_64 0.0.9 80.66 82.96 163.62 NOTE
r-release-macos-x86_64 0.0.9 NOTE
r-release-windows-ix86+x86_64 0.0.9 149.00 104.00 253.00 NOTE
r-oldrel-macos-x86_64 0.0.9 NOTE
r-oldrel-windows-ix86+x86_64 0.0.9 186.00 130.00 316.00 NOTE

Check Details

Version: 0.0.9
Check: package dependencies
Result: NOTE
    Package suggested but not available for checking: 'IFCdata'
Flavors: r-devel-linux-x86_64-debian-clang, r-devel-linux-x86_64-debian-gcc, r-devel-linux-x86_64-fedora-clang, r-devel-linux-x86_64-fedora-gcc, r-devel-windows-ix86+x86_64, r-patched-linux-x86_64, r-patched-solaris-x86, r-release-linux-x86_64, r-release-macos-x86_64, r-release-windows-ix86+x86_64, r-oldrel-macos-x86_64, r-oldrel-windows-ix86+x86_64

Version: 0.0.9
Check: installed package size
Result: NOTE
     installed size is 5.6Mb
     sub-directories of 1Mb or more:
     libs 4.6Mb
Flavor: r-devel-linux-x86_64-fedora-clang