Last updated on 2025-01-19 05:49:10 CET.
Flavor | Version | Tinstall | Tcheck | Ttotal | Status | Flags |
---|---|---|---|---|---|---|
r-devel-linux-x86_64-debian-clang | 0.2.4 | 30.34 | 128.03 | 158.37 | OK | |
r-devel-linux-x86_64-debian-gcc | 0.2.4 | 19.75 | 88.72 | 108.47 | OK | |
r-devel-linux-x86_64-fedora-clang | 0.2.4 | 266.96 | NOTE | |||
r-devel-linux-x86_64-fedora-gcc | 0.2.4 | 254.83 | NOTE | |||
r-devel-windows-x86_64 | 0.2.4 | 28.00 | 129.00 | 157.00 | OK | |
r-patched-linux-x86_64 | 0.2.4 | 24.70 | 120.07 | 144.77 | OK | |
r-release-linux-x86_64 | 0.2.4 | 30.29 | 119.81 | 150.10 | OK | |
r-release-macos-arm64 | 0.2.4 | 63.00 | OK | |||
r-release-macos-x86_64 | 0.2.4 | 94.00 | OK | |||
r-release-windows-x86_64 | 0.2.4 | 30.00 | 128.00 | 158.00 | OK | |
r-oldrel-macos-arm64 | 0.2.4 | 71.00 | OK | |||
r-oldrel-macos-x86_64 | 0.2.4 | 115.00 | OK | |||
r-oldrel-windows-x86_64 | 0.2.4 | 40.00 | 175.00 | 215.00 | OK |
Version: 0.2.4
Check: compiled code
Result: NOTE
File ‘IFP/libs/IFP.so’:
Found no calls to: ‘R_registerRoutines’, ‘R_useDynamicSymbols’
It is good practice to register native routines and to disable symbol
search.
See ‘Writing portable packages’ in the ‘Writing R Extensions’ manual.
Flavors: r-devel-linux-x86_64-fedora-clang, r-devel-linux-x86_64-fedora-gcc