Last updated on 2024-04-24 19:55:11 CEST.
Flavor | Version | Tinstall | Tcheck | Ttotal | Status | Flags |
---|---|---|---|---|---|---|
r-devel-linux-x86_64-debian-clang | 0.3.1 | 40.99 | 34.25 | 75.24 | NOTE | |
r-devel-linux-x86_64-debian-gcc | 0.3.1 | 27.46 | 25.42 | 52.88 | NOTE | |
r-devel-linux-x86_64-fedora-clang | 0.3.1 | 103.74 | NOTE | |||
r-devel-linux-x86_64-fedora-gcc | 0.3.1 | 97.69 | NOTE | |||
r-devel-windows-x86_64 | 0.3.1 | 30.00 | 68.00 | 98.00 | NOTE | |
r-patched-linux-x86_64 | 0.3.1 | 37.76 | 31.82 | 69.58 | NOTE | |
r-release-linux-x86_64 | 0.3.1 | 35.15 | 32.10 | 67.25 | OK | |
r-release-macos-arm64 | 0.3.1 | 28.00 | OK | |||
r-release-windows-x86_64 | 0.3.1 | 31.00 | 65.00 | 96.00 | NOTE | |
r-oldrel-macos-arm64 | 0.3.1 | 31.00 | OK | |||
r-oldrel-macos-x86_64 | 0.3.1 | 43.00 | OK | |||
r-oldrel-windows-x86_64 | 0.3.1 | 31.00 | 77.00 | 108.00 | OK |
Version: 0.3.1
Check: Rd files
Result: NOTE
checkRd: (-1) simHawkes1a.Rd:35: Lost braces; missing escapes or markup?
35 | distribution; 'd${dis}' gives the density function \eqn{g(\cdot)}.}
| ^
Flavors: r-devel-linux-x86_64-debian-clang, r-devel-linux-x86_64-debian-gcc, r-devel-linux-x86_64-fedora-clang, r-devel-linux-x86_64-fedora-gcc, r-devel-windows-x86_64, r-patched-linux-x86_64, r-release-windows-x86_64