Last updated on 2025-01-19 05:49:10 CET.
Flavor | Version | Tinstall | Tcheck | Ttotal | Status | Flags |
---|---|---|---|---|---|---|
r-devel-linux-x86_64-debian-clang | 1.0.0 | 9.35 | 281.52 | 290.87 | OK | |
r-devel-linux-x86_64-debian-gcc | 1.0.0 | 5.72 | 193.58 | 199.30 | OK | |
r-devel-linux-x86_64-fedora-clang | 1.0.0 | 465.24 | NOTE | |||
r-devel-linux-x86_64-fedora-gcc | 1.0.0 | 553.93 | NOTE | |||
r-devel-windows-x86_64 | 1.0.0 | 10.00 | 359.00 | 369.00 | OK | |
r-patched-linux-x86_64 | 1.0.0 | 8.79 | 275.39 | 284.18 | OK | |
r-release-linux-x86_64 | 1.0.0 | 8.57 | 274.65 | 283.22 | OK | |
r-release-macos-arm64 | 1.0.0 | 164.00 | OK | |||
r-release-macos-x86_64 | 1.0.0 | 281.00 | OK | |||
r-release-windows-x86_64 | 1.0.0 | 10.00 | 360.00 | 370.00 | OK | |
r-oldrel-macos-arm64 | 1.0.0 | 187.00 | OK | |||
r-oldrel-macos-x86_64 | 1.0.0 | 359.00 | OK | |||
r-oldrel-windows-x86_64 | 1.0.0 | 12.00 | 373.00 | 385.00 | OK |
Version: 1.0.0
Check: dependencies in R code
Result: NOTE
Namespaces in Imports field not imported from:
‘lme4’ ‘reshape2’
All declared Imports should be used.
Flavors: r-devel-linux-x86_64-fedora-clang, r-devel-linux-x86_64-fedora-gcc