CRAN Package Check Results for Package IMaGES

Last updated on 2019-10-22 12:48:06 CEST.

Flavor Version Tinstall Tcheck Ttotal Status Flags
r-devel-linux-x86_64-debian-clang 0.1 93.01 91.43 184.44 OK
r-devel-linux-x86_64-debian-gcc 0.1 75.93 69.69 145.62 OK
r-devel-linux-x86_64-fedora-clang 0.1 251.86 NOTE
r-devel-linux-x86_64-fedora-gcc 0.1 246.96 OK
r-devel-windows-ix86+x86_64 0.1 181.00 134.00 315.00 OK
r-patched-linux-x86_64 0.1 81.16 89.27 170.43 OK
r-patched-solaris-x86 0.1 268.60 OK
r-release-linux-x86_64 0.1 84.66 89.62 174.28 OK
r-release-windows-ix86+x86_64 0.1 234.00 137.00 371.00 OK
r-release-osx-x86_64 0.1 NOTE
r-oldrel-windows-ix86+x86_64 0.1 245.00 220.00 465.00 OK
r-oldrel-osx-x86_64 0.1 NOTE

Additional issues

LTO

Check Details

Version: 0.1
Check: installed package size
Result: NOTE
     installed size is 8.6Mb
     sub-directories of 1Mb or more:
     libs 7.2Mb
Flavors: r-devel-linux-x86_64-fedora-clang, r-release-osx-x86_64, r-oldrel-osx-x86_64