CRAN Package Check Results for Package IMaGES

Last updated on 2020-06-03 12:49:10 CEST.

Flavor Version Tinstall Tcheck Ttotal Status Flags
r-devel-linux-x86_64-debian-clang 0.1.1 103.54 100.96 204.50 OK
r-devel-linux-x86_64-debian-gcc 0.1.1 88.80 76.24 165.04 OK
r-devel-linux-x86_64-fedora-clang 0.1.1 288.67 NOTE
r-devel-linux-x86_64-fedora-gcc 0.1.1 266.13 OK
r-devel-windows-ix86+x86_64 0.1.1 253.00 157.00 410.00 OK
r-patched-linux-x86_64 0.1.1 88.75 99.50 188.25 OK
r-patched-solaris-x86 0.1.1 269.30 OK
r-release-linux-x86_64 0.1.1 89.81 99.33 189.14 OK
r-release-osx-x86_64 0.1.1 NOTE
r-release-windows-ix86+x86_64 0.1.1 172.00 174.00 346.00 OK
r-oldrel-osx-x86_64 0.1.1 NOTE
r-oldrel-windows-ix86+x86_64 0.1.1 256.00 196.00 452.00 OK

Check Details

Version: 0.1.1
Check: installed package size
Result: NOTE
     installed size is 9.6Mb
     sub-directories of 1Mb or more:
     libs 8.1Mb
Flavors: r-devel-linux-x86_64-fedora-clang, r-release-osx-x86_64, r-oldrel-osx-x86_64