Last updated on 2025-01-19 05:49:10 CET.
Flavor | Version | Tinstall | Tcheck | Ttotal | Status | Flags |
---|---|---|---|---|---|---|
r-devel-linux-x86_64-debian-clang | 24.3.25 | 19.57 | 116.22 | 135.79 | OK | |
r-devel-linux-x86_64-debian-gcc | 24.3.25 | 12.62 | 78.56 | 91.18 | OK | |
r-devel-linux-x86_64-fedora-clang | 24.3.25 | 227.01 | OK | |||
r-devel-linux-x86_64-fedora-gcc | 24.3.25 | 206.87 | OK | |||
r-devel-windows-x86_64 | 24.3.25 | 17.00 | 112.00 | 129.00 | OK | |
r-patched-linux-x86_64 | 24.3.25 | 20.12 | 105.60 | 125.72 | NOTE | |
r-release-linux-x86_64 | 24.3.25 | 18.66 | 106.04 | 124.70 | NOTE | |
r-release-macos-arm64 | 24.3.25 | 63.00 | NOTE | |||
r-release-macos-x86_64 | 24.3.25 | 88.00 | NOTE | |||
r-release-windows-x86_64 | 24.3.25 | 18.00 | 107.00 | 125.00 | OK | |
r-oldrel-macos-arm64 | 24.3.25 | 61.00 | NOTE | |||
r-oldrel-macos-x86_64 | 24.3.25 | 145.00 | NOTE | |||
r-oldrel-windows-x86_64 | 24.3.25 | 24.00 | 137.00 | 161.00 | NOTE |
Version: 24.3.25
Check: package dependencies
Result: NOTE
Package suggested but not available for checking: ‘INLA’
Flavors: r-patched-linux-x86_64, r-release-linux-x86_64, r-release-macos-arm64, r-oldrel-macos-arm64, r-oldrel-macos-x86_64, r-oldrel-windows-x86_64
Version: 24.3.25
Check: package dependencies
Result: NOTE
Packages suggested but not available for checking: 'INLA', 'frailtypack'
Flavor: r-release-macos-x86_64