Last updated on 2024-04-17 13:57:31 CEST.
Flavor | Version | Tinstall | Tcheck | Ttotal | Status | Flags |
---|---|---|---|---|---|---|
r-devel-linux-x86_64-debian-clang | 1.5 | 17.76 | 116.48 | 134.24 | OK | |
r-devel-linux-x86_64-debian-gcc | 1.5 | 12.51 | 85.45 | 97.96 | OK | |
r-devel-linux-x86_64-fedora-clang | 1.5 | 163.85 | NOTE | |||
r-devel-linux-x86_64-fedora-gcc | 1.5 | 155.43 | NOTE | |||
r-prerel-macos-arm64 | 1.5 | 47.00 | OK | |||
r-prerel-windows-x86_64 | 1.5 | 15.00 | 97.00 | 112.00 | OK | |
r-patched-linux-x86_64 | 1.5 | 13.30 | 108.32 | 121.62 | OK | |
r-release-linux-x86_64 | 1.5 | 10.67 | 114.83 | 125.50 | OK | |
r-release-macos-arm64 | 1.5 | 50.00 | OK | |||
r-release-macos-x86_64 | 1.5 | 76.00 | OK | |||
r-release-windows-x86_64 | 1.5 | 21.00 | 118.00 | 139.00 | OK | |
r-oldrel-macos-arm64 | 1.5 | 31.00 | OK | |||
r-oldrel-windows-x86_64 | 1.5 | 22.00 | 114.00 | 136.00 | OK |
Version: 1.5
Check: compiled code
Result: NOTE
File ‘INSPIRE/libs/INSPIRE.so’:
Found no calls to: ‘R_registerRoutines’, ‘R_useDynamicSymbols’
It is good practice to register native routines and to disable symbol
search.
See ‘Writing portable packages’ in the ‘Writing R Extensions’ manual.
Flavors: r-devel-linux-x86_64-fedora-clang, r-devel-linux-x86_64-fedora-gcc