Last updated on 2025-01-19 05:49:10 CET.
Flavor | Version | Tinstall | Tcheck | Ttotal | Status | Flags |
---|---|---|---|---|---|---|
r-devel-linux-x86_64-debian-clang | 1.5 | 12.32 | 90.90 | 103.22 | OK | |
r-devel-linux-x86_64-debian-gcc | 1.5 | 9.47 | 64.64 | 74.11 | OK | |
r-devel-linux-x86_64-fedora-clang | 1.5 | 160.73 | NOTE | |||
r-devel-linux-x86_64-fedora-gcc | 1.5 | 149.56 | NOTE | |||
r-devel-windows-x86_64 | 1.5 | 16.00 | 98.00 | 114.00 | OK | |
r-patched-linux-x86_64 | 1.5 | 11.45 | 83.58 | 95.03 | OK | |
r-release-linux-x86_64 | 1.5 | 11.00 | 83.48 | 94.48 | OK | |
r-release-macos-arm64 | 1.5 | 47.00 | OK | |||
r-release-macos-x86_64 | 1.5 | 74.00 | OK | |||
r-release-windows-x86_64 | 1.5 | 16.00 | 98.00 | 114.00 | OK | |
r-oldrel-macos-arm64 | 1.5 | 50.00 | OK | |||
r-oldrel-macos-x86_64 | 1.5 | 76.00 | OK | |||
r-oldrel-windows-x86_64 | 1.5 | 20.00 | 111.00 | 131.00 | OK |
Version: 1.5
Check: compiled code
Result: NOTE
File ‘INSPIRE/libs/INSPIRE.so’:
Found no calls to: ‘R_registerRoutines’, ‘R_useDynamicSymbols’
It is good practice to register native routines and to disable symbol
search.
See ‘Writing portable packages’ in the ‘Writing R Extensions’ manual.
Flavors: r-devel-linux-x86_64-fedora-clang, r-devel-linux-x86_64-fedora-gcc