CRAN Package Check Results for Package INTRIGUE

Last updated on 2025-01-19 05:49:10 CET.

Flavor Version Tinstall Tcheck Ttotal Status Flags
r-devel-linux-x86_64-debian-clang 0.1.0 2.62 25.14 27.76 OK
r-devel-linux-x86_64-debian-gcc 0.1.0 2.04 19.36 21.40 OK
r-devel-linux-x86_64-fedora-clang 0.1.0 46.19 NOTE
r-devel-linux-x86_64-fedora-gcc 0.1.0 42.17 NOTE
r-devel-windows-x86_64 0.1.0 4.00 47.00 51.00 OK
r-patched-linux-x86_64 0.1.0 2.76 23.93 26.69 OK
r-release-linux-x86_64 0.1.0 2.61 23.76 26.37 OK
r-release-macos-arm64 0.1.0 18.00 OK
r-release-macos-x86_64 0.1.0 28.00 OK
r-release-windows-x86_64 0.1.0 5.00 45.00 50.00 OK
r-oldrel-macos-arm64 0.1.0 20.00 OK
r-oldrel-macos-x86_64 0.1.0 24.00 OK
r-oldrel-windows-x86_64 0.1.0 5.00 49.00 54.00 OK

Check Details

Version: 0.1.0
Check: dependencies in R code
Result: NOTE Namespace in Imports field not imported from: ‘dplyr’ All declared Imports should be used. Flavors: r-devel-linux-x86_64-fedora-clang, r-devel-linux-x86_64-fedora-gcc